CRAN Package Check Results for Package miniUI

Last updated on 2021-06-19 11:51:53 CEST.

Flavor Version Tinstall Tcheck Ttotal Status Flags
r-devel-linux-x86_64-debian-clang 0.1.1.1 3.57 32.85 36.42 NOTE
r-devel-linux-x86_64-debian-gcc 0.1.1.1 2.79 26.10 28.89 NOTE
r-devel-linux-x86_64-fedora-clang 0.1.1.1 52.89 NOTE
r-devel-linux-x86_64-fedora-gcc 0.1.1.1 42.15 NOTE
r-devel-windows-x86_64 0.1.1.1 6.00 42.00 48.00 NOTE
r-devel-windows-x86_64-gcc10-UCRT 0.1.1.1 NOTE
r-patched-linux-x86_64 0.1.1.1 7.48 32.01 39.49 NOTE
r-patched-solaris-x86 0.1.1.1 66.60 NOTE
r-release-linux-x86_64 0.1.1.1 2.85 31.71 34.56 NOTE
r-release-macos-arm64 0.1.1.1 NOTE
r-release-macos-x86_64 0.1.1.1 NOTE
r-release-windows-ix86+x86_64 0.1.1.1 9.00 51.00 60.00 NOTE
r-oldrel-macos-x86_64 0.1.1.1 OK
r-oldrel-windows-ix86+x86_64 0.1.1.1 7.00 54.00 61.00 OK

Check Details

Version: 0.1.1.1
Check: LazyData
Result: NOTE
     'LazyData' is specified without a 'data' directory
Flavors: r-devel-linux-x86_64-debian-clang, r-devel-linux-x86_64-debian-gcc, r-devel-linux-x86_64-fedora-clang, r-devel-linux-x86_64-fedora-gcc, r-devel-windows-x86_64, r-devel-windows-x86_64-gcc10-UCRT, r-patched-linux-x86_64, r-patched-solaris-x86, r-release-linux-x86_64, r-release-macos-arm64, r-release-macos-x86_64, r-release-windows-ix86+x86_64