Last updated on 2021-03-08 19:51:14 CET.
Flavor | Version | Tinstall | Tcheck | Ttotal | Status | Flags |
---|---|---|---|---|---|---|
r-devel-linux-x86_64-debian-clang | 0.2.0 | 7.08 | 44.53 | 51.61 | OK | |
r-devel-linux-x86_64-debian-gcc | 0.2.0 | 5.18 | 33.58 | 38.76 | OK | |
r-devel-linux-x86_64-fedora-clang | 0.2.0 | 71.25 | NOTE | |||
r-devel-linux-x86_64-fedora-gcc | 0.2.0 | 58.69 | NOTE | |||
r-devel-windows-ix86+x86_64 | 0.2.0 | 14.00 | 41.00 | 55.00 | OK | |
r-devel-windows-x86_64-gcc10-UCRT | 0.2.0 | NOTE | ||||
r-patched-linux-x86_64 | 0.2.0 | 5.16 | 40.75 | 45.91 | OK | |
r-patched-solaris-x86 | 0.2.0 | 79.50 | NOTE | |||
r-release-linux-x86_64 | 0.2.0 | 5.32 | 41.39 | 46.71 | OK | |
r-release-macos-x86_64 | 0.2.0 | NOTE | ||||
r-release-windows-ix86+x86_64 | 0.2.0 | 9.00 | 58.00 | 67.00 | OK | |
r-oldrel-macos-x86_64 | 0.2.0 | NOTE | ||||
r-oldrel-windows-ix86+x86_64 | 0.2.0 | 6.00 | 39.00 | 45.00 | OK |
Version: 0.2.0
Check: dependencies in R code
Result: NOTE
Namespaces in Imports field not imported from:
‘FactoMineR’ ‘softImpute’
All declared Imports should be used.
Flavors: r-devel-linux-x86_64-fedora-clang, r-devel-linux-x86_64-fedora-gcc, r-devel-windows-x86_64-gcc10-UCRT, r-patched-solaris-x86, r-release-macos-x86_64, r-oldrel-macos-x86_64