Last updated on 2022-05-24 03:55:15 CEST.
Flavor | Version | Tinstall | Tcheck | Ttotal | Status | Flags |
---|---|---|---|---|---|---|
r-devel-linux-x86_64-debian-clang | 1.5.3 | 105.75 | 52.49 | 158.24 | OK | |
r-devel-linux-x86_64-debian-gcc | 1.5.3 | 84.22 | 39.39 | 123.61 | OK | |
r-devel-linux-x86_64-fedora-clang | 1.5.3 | 235.15 | OK | |||
r-devel-linux-x86_64-fedora-gcc | 1.5.3 | 188.91 | OK | |||
r-devel-windows-x86_64 | 1.5.3 | 85.00 | 88.00 | 173.00 | ERROR | |
r-patched-linux-x86_64 | 1.5.3 | 79.57 | 50.62 | 130.19 | OK | |
r-release-linux-x86_64 | 1.5.3 | OK | ||||
r-release-macos-arm64 | 1.5.3 | 54.00 | NOTE | |||
r-release-macos-x86_64 | 1.5.3 | 66.00 | NOTE | |||
r-release-windows-x86_64 | 1.5.3 | 90.00 | 90.00 | 180.00 | ERROR | |
r-oldrel-macos-arm64 | 1.5.3 | 60.00 | NOTE | |||
r-oldrel-macos-x86_64 | 1.5.3 | 96.00 | NOTE | |||
r-oldrel-windows-ix86+x86_64 | 1.5.3 | 247.00 | 92.00 | 339.00 | OK |
Version: 1.5.3
Check: examples
Result: ERROR
Running examples in 'miic-Ex.R' failed
The error most likely occurred in:
> ### Name: discretizeMutual
> ### Title: Iterative dynamic programming for (conditional) mutual
> ### information through optimized discretization.
> ### Aliases: discretizeMutual
>
> ### ** Examples
>
> library(miic)
> N <- 1000
> # Dependence, conditional independence : X <- Z -> Y
> Z <- runif(N)
> X <- Z * 2 + rnorm(N, sd = 0.2)
> Y <- Z * 2 + rnorm(N, sd = 0.2)
> res <- discretizeMutual(X, Y, plot = FALSE)
Flavors: r-devel-windows-x86_64, r-release-windows-x86_64
Version: 1.5.3
Check: installed package size
Result: NOTE
installed size is 6.3Mb
sub-directories of 1Mb or more:
libs 6.0Mb
Flavors: r-release-macos-arm64, r-release-macos-x86_64, r-oldrel-macos-arm64, r-oldrel-macos-x86_64