CRAN Package Check Results for Package microsynth

Last updated on 2024-06-25 20:48:21 CEST.

Flavor Version Tinstall Tcheck Ttotal Status Flags
r-devel-linux-x86_64-debian-clang 2.0.44 OK
r-devel-linux-x86_64-debian-gcc 2.0.44 7.00 92.77 99.77 OK
r-devel-linux-x86_64-fedora-clang 2.0.44 170.38 OK
r-devel-linux-x86_64-fedora-gcc 2.0.44 183.84 OK
r-devel-windows-x86_64 2.0.44 8.00 135.00 143.00 OK
r-patched-linux-x86_64 2.0.44 7.47 122.01 129.48 OK
r-release-linux-x86_64 2.0.44 7.54 119.64 127.18 OK
r-release-macos-arm64 2.0.44 50.00 OK
r-release-macos-x86_64 2.0.44 96.00 NOTE
r-release-windows-x86_64 2.0.44 9.00 114.00 123.00 OK
r-oldrel-macos-arm64 2.0.44 49.00 OK
r-oldrel-macos-x86_64 2.0.44 139.00 NOTE
r-oldrel-windows-x86_64 2.0.44 12.00 120.00 132.00 OK

Check Details

Version: 2.0.44
Check: installed package size
Result: NOTE installed size is 5.5Mb sub-directories of 1Mb or more: data 2.9Mb doc 1.7Mb Flavors: r-release-macos-x86_64, r-oldrel-macos-x86_64