CRAN Package Check Results for Package microbial

Last updated on 2021-06-21 15:50:01 CEST.

Flavor Version Tinstall Tcheck Ttotal Status Flags
r-devel-linux-x86_64-debian-clang 0.0.19 54.84 534.59 589.43 OK
r-devel-linux-x86_64-debian-gcc 0.0.19 45.96 397.53 443.49 OK
r-devel-linux-x86_64-fedora-clang 0.0.19 734.80 NOTE
r-devel-linux-x86_64-fedora-gcc 0.0.19 727.92 NOTE
r-devel-windows-x86_64 0.0.19 79.00 448.00 527.00 OK
r-devel-windows-x86_64-gcc10-UCRT 0.0.19 ERROR
r-patched-linux-x86_64 0.0.19 51.65 504.47 556.12 OK
r-patched-solaris-x86 0.0.19 1028.50 NOTE
r-release-linux-x86_64 0.0.19 53.31 501.64 554.95 OK
r-release-macos-arm64 0.0.19 ERROR
r-release-macos-x86_64 0.0.19 ERROR
r-release-windows-ix86+x86_64 0.0.19 121.00 592.00 713.00 OK
r-oldrel-macos-x86_64 0.0.19 ERROR

Check Details

Version: 0.0.19
Check: package dependencies
Result: NOTE
    Imports includes 22 non-default packages.
    Importing from so many packages makes the package vulnerable to any of
    them becoming unavailable. Move as many as possible to Suggests and
    use conditionally.
Flavor: r-devel-linux-x86_64-fedora-clang

Version: 0.0.19
Check: dependencies in R code
Result: NOTE
    Namespace in Imports field not imported from: ‘testthat’
     All declared Imports should be used.
Flavors: r-devel-linux-x86_64-fedora-clang, r-devel-linux-x86_64-fedora-gcc, r-patched-solaris-x86

Version: 0.0.19
Check: package dependencies
Result: ERROR
    Packages required but not available:
     'phyloseq', 'ggpubr', 'DESeq2', 'rstatix'
    
    See section 'The DESCRIPTION file' in the 'Writing R Extensions'
    manual.
Flavor: r-devel-windows-x86_64-gcc10-UCRT

Version: 0.0.19
Check: package dependencies
Result: ERROR
    Packages required but not available:
     'phyloseq', 'DESeq2', 'dada2', 'SummarizedExperiment', 'DECIPHER',
     'edgeR'
    
    See section ‘The DESCRIPTION file’ in the ‘Writing R Extensions’
    manual.
Flavor: r-release-macos-arm64

Version: 0.0.19
Check: package dependencies
Result: ERROR
    Packages required but not available: 'dada2', 'DECIPHER'
    
    See section ‘The DESCRIPTION file’ in the ‘Writing R Extensions’
    manual.
Flavors: r-release-macos-x86_64, r-oldrel-macos-x86_64