CRAN Package Check Results for Package microbenchmark

Last updated on 2021-05-09 07:47:56 CEST.

Flavor Version Tinstall Tcheck Ttotal Status Flags
r-devel-linux-x86_64-debian-clang 1.4-7 6.05 41.48 47.53 NOTE
r-devel-linux-x86_64-debian-gcc 1.4-7 3.69 33.52 37.21 NOTE
r-devel-linux-x86_64-fedora-clang 1.4-7 64.11 NOTE
r-devel-linux-x86_64-fedora-gcc 1.4-7 54.07 NOTE
r-devel-windows-ix86+x86_64 1.4-7 1.00 9.00 10.00 ERROR
r-devel-windows-x86_64-gcc10-UCRT 1.4-7 NOTE
r-patched-linux-x86_64 1.4-7 4.47 41.74 46.21 NOTE
r-patched-solaris-x86 1.4-7 77.80 OK
r-release-linux-x86_64 1.4-7 4.43 41.81 46.24 OK
r-release-macos-x86_64 1.4-7 OK
r-release-windows-ix86+x86_64 1.4-7 10.00 85.00 95.00 OK
r-oldrel-macos-x86_64 1.4-7 OK
r-oldrel-windows-ix86+x86_64 1.4-7 11.00 101.00 112.00 OK

Check Details

Version: 1.4-7
Check: LazyData
Result: NOTE
     'LazyData' is specified without a 'data' directory
Flavors: r-devel-linux-x86_64-debian-clang, r-devel-linux-x86_64-debian-gcc, r-devel-linux-x86_64-fedora-clang, r-devel-linux-x86_64-fedora-gcc, r-devel-windows-x86_64-gcc10-UCRT, r-patched-linux-x86_64

Version: 1.4-7
Check: whether package can be installed
Result: ERROR
    Installation failed.
Flavor: r-devel-windows-ix86+x86_64