Last updated on 2022-08-07 23:59:09 CEST.
Flavor | Version | Tinstall | Tcheck | Ttotal | Status | Flags |
---|---|---|---|---|---|---|
r-devel-linux-x86_64-debian-clang | 1.6 | 6.50 | 1121.70 | 1128.20 | OK | |
r-devel-linux-x86_64-debian-gcc | 1.6 | 6.68 | 759.84 | 766.52 | OK | |
r-devel-linux-x86_64-fedora-clang | 1.6 | 1265.62 | NOTE | |||
r-devel-linux-x86_64-fedora-gcc | 1.6 | 1281.78 | NOTE | |||
r-devel-windows-x86_64 | 1.6 | 82.00 | 972.00 | 1054.00 | OK | |
r-patched-linux-x86_64 | 1.6 | 7.83 | 1046.83 | 1054.66 | OK | |
r-release-linux-x86_64 | 1.6 | 4.78 | 1041.28 | 1046.06 | OK | |
r-release-macos-arm64 | 1.6 | 247.00 | NOTE | |||
r-release-macos-x86_64 | 1.6 | 433.00 | NOTE | |||
r-release-windows-x86_64 | 1.6 | 77.00 | 989.00 | 1066.00 | OK | |
r-oldrel-macos-arm64 | 1.6 | 189.00 | NOTE | |||
r-oldrel-macos-x86_64 | 1.6 | 351.00 | NOTE | |||
r-oldrel-windows-ix86+x86_64 | 1.6 | 16.00 | 1216.00 | 1232.00 | OK |
Version: 1.6
Check: dependencies in R code
Result: NOTE
Namespace in Imports field not imported from: ‘testthat’
All declared Imports should be used.
Flavors: r-devel-linux-x86_64-fedora-clang, r-devel-linux-x86_64-fedora-gcc, r-release-macos-arm64, r-release-macos-x86_64, r-oldrel-macos-arm64, r-oldrel-macos-x86_64