CRAN Package Check Results for Package miWQS

Last updated on 2021-11-30 19:51:28 CET.

Flavor Version Tinstall Tcheck Ttotal Status Flags
r-devel-linux-x86_64-debian-clang 0.4.4 19.37 188.33 207.70 OK
r-devel-linux-x86_64-debian-gcc 0.4.4 13.64 141.38 155.02 OK
r-devel-linux-x86_64-fedora-clang 0.4.4 275.08 NOTE
r-devel-linux-x86_64-fedora-gcc 0.4.4 261.66 NOTE
r-devel-windows-x86_64-new-UL 0.4.4 35.00 273.00 308.00 OK
r-devel-windows-x86_64-new-TK 0.4.4 OK
r-devel-windows-x86_64-old 0.4.4 32.00 179.00 211.00 OK
r-patched-linux-x86_64 0.4.4 23.47 176.67 200.14 OK
r-patched-solaris-x86 0.4.4 325.60 OK
r-release-linux-x86_64 0.4.4 18.71 179.14 197.85 OK
r-release-macos-arm64 0.4.4 OK
r-release-macos-x86_64 0.4.4 OK
r-release-windows-ix86+x86_64 0.4.4 44.00 162.00 206.00 OK
r-oldrel-macos-x86_64 0.4.4 OK
r-oldrel-windows-ix86+x86_64 0.4.4 32.00 177.00 209.00 OK

Check Details

Version: 0.4.4
Check: for detritus in the temp directory
Result: NOTE
    Found the following files/directories:
     ‘par-7269706c6579’
Flavors: r-devel-linux-x86_64-fedora-clang, r-devel-linux-x86_64-fedora-gcc