CRAN Package Check Results for Package miWQS

Last updated on 2021-06-19 11:51:53 CEST.

Flavor Version Tinstall Tcheck Ttotal Status Flags
r-devel-linux-x86_64-debian-clang 0.4.4 16.53 166.39 182.92 OK
r-devel-linux-x86_64-debian-gcc 0.4.4 13.38 123.85 137.23 OK
r-devel-linux-x86_64-fedora-clang 0.4.4 237.77 NOTE
r-devel-linux-x86_64-fedora-gcc 0.4.4 226.93 NOTE
r-devel-windows-x86_64 0.4.4 25.00 203.00 228.00 OK
r-devel-windows-x86_64-gcc10-UCRT 0.4.4 OK
r-patched-linux-x86_64 0.4.4 21.94 156.34 178.28 OK
r-patched-solaris-x86 0.4.4 310.60 OK
r-release-linux-x86_64 0.4.4 14.40 157.88 172.28 OK
r-release-macos-arm64 0.4.4 OK
r-release-macos-x86_64 0.4.4 OK
r-release-windows-ix86+x86_64 0.4.4 36.00 204.00 240.00 OK
r-oldrel-macos-x86_64 0.4.4 OK
r-oldrel-windows-ix86+x86_64 0.4.4 26.00 205.00 231.00 OK

Check Details

Version: 0.4.4
Check: for detritus in the temp directory
Result: NOTE
    Found the following files/directories:
     ‘par-7269706c6579’
Flavors: r-devel-linux-x86_64-fedora-clang, r-devel-linux-x86_64-fedora-gcc