CRAN Package Check Results for Package mgc

Last updated on 2021-11-28 07:50:48 CET.

Flavor Version Tinstall Tcheck Ttotal Status Flags
r-devel-linux-x86_64-debian-clang 2.0.2 NOTE
r-devel-linux-x86_64-debian-gcc 2.0.2 19.03 270.84 289.87 NOTE
r-devel-linux-x86_64-fedora-clang 2.0.2 477.03 NOTE
r-devel-linux-x86_64-fedora-gcc 2.0.2 472.39 NOTE
r-devel-windows-x86_64-new-UL 2.0.2 45.00 426.00 471.00 NOTE
r-devel-windows-x86_64-new-TK 2.0.2 NOTE
r-devel-windows-x86_64-old 2.0.2 28.00 433.00 461.00 NOTE
r-patched-linux-x86_64 2.0.2 24.49 385.90 410.39 NOTE
r-patched-solaris-x86 2.0.2 486.30 NOTE
r-release-linux-x86_64 2.0.2 22.18 388.79 410.97 NOTE
r-release-macos-arm64 2.0.2 NOTE
r-release-macos-x86_64 2.0.2 NOTE
r-release-windows-ix86+x86_64 2.0.2 57.00 412.00 469.00 NOTE
r-oldrel-macos-x86_64 2.0.2 NOTE
r-oldrel-windows-ix86+x86_64 2.0.2 40.00 624.00 664.00 OK

Check Details

Version: 2.0.2
Check: LazyData
Result: NOTE
     'LazyData' is specified without a 'data' directory
Flavors: r-devel-linux-x86_64-debian-clang, r-devel-linux-x86_64-debian-gcc, r-devel-linux-x86_64-fedora-clang, r-devel-linux-x86_64-fedora-gcc, r-devel-windows-x86_64-new-UL, r-devel-windows-x86_64-new-TK, r-devel-windows-x86_64-old, r-patched-linux-x86_64, r-patched-solaris-x86, r-release-linux-x86_64, r-release-macos-arm64, r-release-macos-x86_64, r-release-windows-ix86+x86_64

Version: 2.0.2
Check: dependencies in R code
Result: NOTE
    Namespaces in Imports field not imported from:
     ‘boot’ ‘energy’
     All declared Imports should be used.
Flavors: r-devel-linux-x86_64-fedora-clang, r-devel-linux-x86_64-fedora-gcc, r-devel-windows-x86_64-new-TK, r-patched-solaris-x86, r-release-macos-arm64, r-release-macos-x86_64, r-oldrel-macos-x86_64