CRAN Package Check Results for Package metro

Last updated on 2021-06-13 07:49:52 CEST.

Flavor Version Tinstall Tcheck Ttotal Status Flags
r-devel-linux-x86_64-debian-clang 0.9.1 4.86 41.12 45.98 OK
r-devel-linux-x86_64-debian-gcc 0.9.1 3.66 32.07 35.73 OK
r-devel-linux-x86_64-fedora-clang 0.9.1 64.23 NOTE
r-devel-linux-x86_64-fedora-gcc 0.9.1 51.71 NOTE
r-devel-windows-x86_64 0.9.1 8.00 61.00 69.00 OK
r-devel-windows-x86_64-gcc10-UCRT 0.9.1 NOTE
r-patched-linux-x86_64 0.9.1 4.34 39.50 43.84 OK
r-patched-solaris-x86 0.9.1 77.00 NOTE
r-release-linux-x86_64 0.9.1 4.12 39.22 43.34 OK
r-release-macos-arm64 0.9.1 NOTE
r-release-macos-x86_64 0.9.1 NOTE
r-release-windows-ix86+x86_64 0.9.1 9.00 59.00 68.00 OK
r-oldrel-macos-x86_64 0.9.1 NOTE
r-oldrel-windows-ix86+x86_64 0.9.1 25.00 60.00 85.00 OK

Check Details

Version: 0.9.1
Check: data for non-ASCII characters
Result: NOTE
     Note: found 1 marked UTF-8 string
Flavors: r-devel-linux-x86_64-fedora-clang, r-devel-linux-x86_64-fedora-gcc, r-devel-windows-x86_64-gcc10-UCRT, r-patched-solaris-x86, r-release-macos-arm64, r-release-macos-x86_64, r-oldrel-macos-x86_64