CRAN Package Check Results for Package metaplotr

Last updated on 2021-06-15 07:49:11 CEST.

Flavor Version Tinstall Tcheck Ttotal Status Flags
r-devel-linux-x86_64-debian-clang 0.0.3 2.47 48.12 50.59 NOTE
r-devel-linux-x86_64-debian-gcc 0.0.3 1.82 35.19 37.01 NOTE
r-devel-linux-x86_64-fedora-clang 0.0.3 67.46 OK
r-devel-linux-x86_64-fedora-gcc 0.0.3 57.42 OK
r-devel-windows-x86_64 0.0.3 5.00 66.00 71.00 NOTE
r-devel-windows-x86_64-gcc10-UCRT 0.0.3 OK
r-patched-linux-x86_64 0.0.3 2.61 45.27 47.88 NOTE
r-patched-solaris-x86 0.0.3 81.40 OK
r-release-linux-x86_64 0.0.3 2.45 46.94 49.39 NOTE
r-release-macos-arm64 0.0.3 OK
r-release-macos-x86_64 0.0.3 OK
r-release-windows-ix86+x86_64 0.0.3 6.00 63.00 69.00 NOTE
r-oldrel-macos-x86_64 0.0.3 OK
r-oldrel-windows-ix86+x86_64 0.0.3 22.00 52.00 74.00 NOTE

Check Details

Version: 0.0.3
Check: package vignettes
Result: NOTE
    Package vignette with placeholder title 'Vignette Title':
     'how_to_use_crosshairs.Rmd'
Flavors: r-devel-linux-x86_64-debian-clang, r-devel-linux-x86_64-debian-gcc, r-devel-windows-x86_64, r-patched-linux-x86_64, r-release-linux-x86_64, r-release-windows-ix86+x86_64, r-oldrel-windows-ix86+x86_64