CRAN Package Check Results for Package metapack

Last updated on 2021-06-15 07:49:11 CEST.

Flavor Version Tinstall Tcheck Ttotal Status Flags
r-devel-linux-x86_64-debian-clang 0.1.2 518.43 67.15 585.58 OK
r-devel-linux-x86_64-debian-gcc 0.1.2 360.53 51.56 412.09 OK
r-devel-linux-x86_64-fedora-clang 0.1.2 831.75 NOTE
r-devel-linux-x86_64-fedora-gcc 0.1.2 759.97 OK
r-devel-windows-x86_64 0.1.2 603.00 99.00 702.00 OK
r-devel-windows-x86_64-gcc10-UCRT 0.1.2 OK
r-patched-linux-x86_64 0.1.2 413.09 66.07 479.16 OK
r-patched-solaris-x86 0.1.2 641.00 OK
r-release-linux-x86_64 0.1.2 414.90 67.01 481.91 OK
r-release-macos-arm64 0.1.2 NOTE
r-release-macos-x86_64 0.1.2 NOTE
r-release-windows-ix86+x86_64 0.1.2 1021.00 123.00 1144.00 NOTE
r-oldrel-macos-x86_64 0.1.2 NOTE
r-oldrel-windows-ix86+x86_64 0.1.2 996.00 127.00 1123.00 NOTE

Check Details

Version: 0.1.2
Check: installed package size
Result: NOTE
     installed size is 27.6Mb
     sub-directories of 1Mb or more:
     libs 27.2Mb
Flavors: r-devel-linux-x86_64-fedora-clang, r-release-macos-arm64, r-release-macos-x86_64, r-release-windows-ix86+x86_64, r-oldrel-macos-x86_64, r-oldrel-windows-ix86+x86_64