Last updated on 2022-05-18 03:53:42 CEST.
Flavor | Version | Tinstall | Tcheck | Ttotal | Status | Flags |
---|---|---|---|---|---|---|
r-devel-linux-x86_64-debian-clang | 1.2-0 | 5.33 | 57.21 | 62.54 | OK | |
r-devel-linux-x86_64-debian-gcc | 1.2-0 | 3.44 | 44.22 | 47.66 | OK | |
r-devel-linux-x86_64-fedora-clang | 1.2-0 | 73.29 | OK | |||
r-devel-linux-x86_64-fedora-gcc | 1.2-0 | 70.66 | OK | |||
r-devel-windows-x86_64 | 1.2-0 | 45.00 | 88.00 | 133.00 | OK | |
r-patched-linux-x86_64 | 1.2-0 | 6.97 | 52.02 | 58.99 | OK | |
r-release-linux-x86_64 | 1.2-0 | 5.47 | 52.47 | 57.94 | OK | |
r-release-macos-arm64 | 1.2-0 | 22.00 | OK | |||
r-release-macos-x86_64 | 1.2-0 | 42.00 | OK | |||
r-release-windows-x86_64 | 1.2-0 | 74.00 | 84.00 | 158.00 | OK | |
r-oldrel-macos-arm64 | 1.2-0 | 20.00 | OK | |||
r-oldrel-macos-x86_64 | 1.2-0 | 34.00 | OK | |||
r-oldrel-windows-ix86+x86_64 | 1.2-0 | 11.00 | 81.00 | 92.00 | ERROR |
Version: 1.2-0
Check: PDF version of manual
Result: WARN
LaTeX errors when creating PDF version.
This typically indicates Rd problems.
LaTeX errors found:
! Package inputenc Error: Unicode char รข<c2><80><c2><90> (U+2010)
(inputenc) not set up for use with LaTeX.
See the inputenc package documentation for explanation.
Type H <return> for immediate help.
Flavor: r-oldrel-windows-ix86+x86_64
Version: 1.2-0
Check: PDF version of manual without hyperrefs or index
Result: ERROR
Flavor: r-oldrel-windows-ix86+x86_64