CRAN Package Check Results for Package metaSurvival

Last updated on 2021-11-27 11:52:49 CET.

Flavor Version Tinstall Tcheck Ttotal Status Flags
r-devel-linux-x86_64-debian-clang 0.1.0 OK
r-devel-linux-x86_64-debian-gcc 0.1.0 2.04 17.61 19.65 OK
r-devel-linux-x86_64-fedora-clang 0.1.0 42.34 NOTE
r-devel-linux-x86_64-fedora-gcc 0.1.0 30.19 NOTE
r-devel-windows-x86_64-new-UL 0.1.0 7.00 56.00 63.00 OK
r-devel-windows-x86_64-new-TK 0.1.0 NOTE
r-devel-windows-x86_64-old 0.1.0 4.00 39.00 43.00 OK
r-patched-linux-x86_64 0.1.0 2.55 21.39 23.94 OK
r-patched-solaris-x86 0.1.0 47.50 NOTE
r-release-linux-x86_64 0.1.0 OK
r-release-macos-arm64 0.1.0 NOTE
r-release-macos-x86_64 0.1.0 NOTE
r-release-windows-ix86+x86_64 0.1.0 5.00 29.00 34.00 OK
r-oldrel-macos-x86_64 0.1.0 NOTE
r-oldrel-windows-ix86+x86_64 0.1.0 4.00 39.00 43.00 OK

Check Details

Version: 0.1.0
Check: dependencies in R code
Result: NOTE
    Namespace in Imports field not imported from: ‘survival’
     All declared Imports should be used.
Flavors: r-devel-linux-x86_64-fedora-clang, r-devel-linux-x86_64-fedora-gcc, r-devel-windows-x86_64-new-TK, r-patched-solaris-x86, r-release-macos-arm64, r-release-macos-x86_64, r-oldrel-macos-x86_64