CRAN Package Check Results for Package memgene

Last updated on 2021-05-07 11:49:34 CEST.

Flavor Version Tinstall Tcheck Ttotal Status Flags
r-devel-linux-x86_64-debian-clang 1.0.1 16.69 155.87 172.56 NOTE
r-devel-linux-x86_64-debian-gcc 1.0.1 13.40 116.77 130.17 NOTE
r-devel-linux-x86_64-fedora-clang 1.0.1 213.49 NOTE
r-devel-linux-x86_64-fedora-gcc 1.0.1 204.53 NOTE
r-devel-windows-ix86+x86_64 1.0.1 24.00 175.00 199.00 NOTE
r-devel-windows-x86_64-gcc10-UCRT 1.0.1 NOTE
r-patched-linux-x86_64 1.0.1 21.29 148.95 170.24 NOTE
r-patched-solaris-x86 1.0.1 298.60 NOTE
r-release-linux-x86_64 1.0.1 16.04 145.50 161.54 NOTE
r-release-macos-x86_64 1.0.1 NOTE
r-release-windows-ix86+x86_64 1.0.1 27.00 135.00 162.00 NOTE
r-oldrel-macos-x86_64 1.0.1 NOTE
r-oldrel-windows-ix86+x86_64 1.0.1 33.00 128.00 161.00 NOTE

Check Details

Version: 1.0.1
Check: dependencies in R code
Result: NOTE
    'library' or 'require' calls in package code:
     'adegenet' 'geosphere'
     Please use :: or requireNamespace() instead.
     See section 'Suggested packages' in the 'Writing R Extensions' manual.
Flavors: r-devel-linux-x86_64-debian-clang, r-devel-linux-x86_64-debian-gcc, r-devel-linux-x86_64-fedora-clang, r-devel-linux-x86_64-fedora-gcc, r-devel-windows-ix86+x86_64, r-devel-windows-x86_64-gcc10-UCRT, r-patched-linux-x86_64, r-patched-solaris-x86, r-release-linux-x86_64, r-release-macos-x86_64, r-release-windows-ix86+x86_64, r-oldrel-macos-x86_64, r-oldrel-windows-ix86+x86_64

Version: 1.0.1
Check: R code for possible problems
Result: NOTE
    codomToPropShared: no visible global function definition for
     'df2genind'
    codomToPropShared: no visible global function definition for
     'propShared'
    mgLandscape: no visible global function definition for 'SpatialPoints'
    mgQuick: no visible global function definition for 'distm'
    mgQuick: no visible binding for global variable 'distMeeus'
    Undefined global functions or variables:
     SpatialPoints df2genind distMeeus distm propShared
Flavors: r-devel-linux-x86_64-debian-clang, r-devel-linux-x86_64-debian-gcc, r-devel-linux-x86_64-fedora-clang, r-devel-linux-x86_64-fedora-gcc, r-devel-windows-ix86+x86_64, r-devel-windows-x86_64-gcc10-UCRT, r-patched-linux-x86_64, r-patched-solaris-x86, r-release-linux-x86_64, r-release-macos-x86_64, r-release-windows-ix86+x86_64, r-oldrel-macos-x86_64, r-oldrel-windows-ix86+x86_64