CRAN Package Check Results for Package meerva

Last updated on 2021-12-04 15:51:21 CET.

Flavor Version Tinstall Tcheck Ttotal Status Flags
r-devel-linux-x86_64-debian-clang 0.2-2 5.56 55.39 60.95 OK
r-devel-linux-x86_64-debian-gcc 0.2-2 4.06 41.87 45.93 OK
r-devel-linux-x86_64-fedora-clang 0.2-2 74.98 NOTE
r-devel-linux-x86_64-fedora-gcc 0.2-2 63.22 NOTE
r-devel-windows-x86_64-new-UL 0.2-2 12.00 83.00 95.00 OK
r-devel-windows-x86_64-new-TK 0.2-2 NOTE
r-devel-windows-x86_64-old 0.2-2 9.00 49.00 58.00 OK
r-patched-linux-x86_64 0.2-2 5.14 44.66 49.80 OK
r-release-linux-x86_64 0.2-2 4.88 43.72 48.60 OK
r-release-macos-arm64 0.2-2 NOTE
r-release-macos-x86_64 0.2-2 NOTE
r-release-windows-ix86+x86_64 0.2-2 9.00 70.00 79.00 OK
r-oldrel-macos-x86_64 0.2-2 NOTE
r-oldrel-windows-ix86+x86_64 0.2-2 10.00 65.00 75.00 OK

Check Details

Version: 0.2-2
Check: dependencies in R code
Result: NOTE
    Namespace in Imports field not imported from: ‘dplyr’
     All declared Imports should be used.
Flavors: r-devel-linux-x86_64-fedora-clang, r-devel-linux-x86_64-fedora-gcc, r-devel-windows-x86_64-new-TK, r-release-macos-arm64, r-release-macos-x86_64, r-oldrel-macos-x86_64