CRAN Package Check Results for Package measures

Last updated on 2021-06-16 19:49:51 CEST.

Flavor Version Tinstall Tcheck Ttotal Status Flags
r-devel-linux-x86_64-debian-clang 0.3 2.58 28.92 31.50 NOTE
r-devel-linux-x86_64-debian-gcc 0.3 2.16 22.68 24.84 NOTE
r-devel-linux-x86_64-fedora-clang 0.3 46.72 NOTE
r-devel-linux-x86_64-fedora-gcc 0.3 37.48 NOTE
r-devel-windows-x86_64 0.3 5.00 35.00 40.00 NOTE
r-devel-windows-x86_64-gcc10-UCRT 0.3 NOTE
r-patched-linux-x86_64 0.3 3.23 28.01 31.24 NOTE
r-patched-solaris-x86 0.3 56.00 NOTE
r-release-linux-x86_64 0.3 2.46 27.93 30.39 NOTE
r-release-macos-arm64 0.3 NOTE
r-release-macos-x86_64 0.3 NOTE
r-release-windows-ix86+x86_64 0.3 7.00 46.00 53.00 NOTE
r-oldrel-macos-x86_64 0.3 OK
r-oldrel-windows-ix86+x86_64 0.3 6.00 46.00 52.00 OK

Check Details

Version: 0.3
Check: LazyData
Result: NOTE
     'LazyData' is specified without a 'data' directory
Flavors: r-devel-linux-x86_64-debian-clang, r-devel-linux-x86_64-debian-gcc, r-devel-linux-x86_64-fedora-clang, r-devel-linux-x86_64-fedora-gcc, r-devel-windows-x86_64, r-devel-windows-x86_64-gcc10-UCRT, r-patched-linux-x86_64, r-patched-solaris-x86, r-release-linux-x86_64, r-release-macos-arm64, r-release-macos-x86_64, r-release-windows-ix86+x86_64