CRAN Package Check Results for Package meantables

Last updated on 2021-11-27 11:52:48 CET.

Flavor Version Tinstall Tcheck Ttotal Status Flags
r-devel-linux-x86_64-debian-clang 0.1.0 NOTE
r-devel-linux-x86_64-debian-gcc 0.1.0 2.74 34.42 37.16 NOTE
r-devel-linux-x86_64-fedora-clang 0.1.0 68.47 NOTE
r-devel-linux-x86_64-fedora-gcc 0.1.0 57.15 NOTE
r-devel-windows-x86_64-new-UL 0.1.0 10.00 86.00 96.00 NOTE
r-devel-windows-x86_64-new-TK 0.1.0 NOTE
r-devel-windows-x86_64-old 0.1.0 6.00 66.00 72.00 NOTE
r-patched-linux-x86_64 0.1.0 3.41 41.22 44.63 NOTE
r-patched-solaris-x86 0.1.0 84.60 NOTE
r-release-linux-x86_64 0.1.0 NOTE
r-release-macos-arm64 0.1.0 NOTE
r-release-macos-x86_64 0.1.0 NOTE
r-release-windows-ix86+x86_64 0.1.0 11.00 45.00 56.00 NOTE
r-oldrel-macos-x86_64 0.1.0 OK
r-oldrel-windows-ix86+x86_64 0.1.0 23.00 64.00 87.00 OK

Check Details

Version: 0.1.0
Check: LazyData
Result: NOTE
     'LazyData' is specified without a 'data' directory
Flavors: r-devel-linux-x86_64-debian-clang, r-devel-linux-x86_64-debian-gcc, r-devel-linux-x86_64-fedora-clang, r-devel-linux-x86_64-fedora-gcc, r-devel-windows-x86_64-new-UL, r-devel-windows-x86_64-new-TK, r-devel-windows-x86_64-old, r-patched-linux-x86_64, r-patched-solaris-x86, r-release-linux-x86_64, r-release-macos-arm64, r-release-macos-x86_64, r-release-windows-ix86+x86_64