CRAN Package Check Results for Package meaRtools

Last updated on 2021-06-18 19:50:53 CEST.

Flavor Version Tinstall Tcheck Ttotal Status Flags
r-devel-linux-x86_64-debian-clang 1.0.4 50.72 470.05 520.77 OK
r-devel-linux-x86_64-debian-gcc 1.0.4 30.76 333.60 364.36 OK
r-devel-linux-x86_64-fedora-clang 1.0.4 632.79 NOTE
r-devel-linux-x86_64-fedora-gcc 1.0.4 603.94 OK
r-devel-windows-x86_64 1.0.4 56.00 470.00 526.00 OK
r-devel-windows-x86_64-gcc10-UCRT 1.0.4 OK
r-patched-linux-x86_64 1.0.4 39.26 438.61 477.87 OK
r-patched-solaris-x86 1.0.4 731.40 OK
r-release-linux-x86_64 1.0.4 38.53 441.52 480.05 OK
r-release-macos-arm64 1.0.4 NOTE
r-release-macos-x86_64 1.0.4 OK
r-release-windows-ix86+x86_64 1.0.4 71.00 496.00 567.00 NOTE
r-oldrel-macos-x86_64 1.0.4 OK
r-oldrel-windows-ix86+x86_64 1.0.4 72.00 521.00 593.00 NOTE

Additional issues

donttest

Check Details

Version: 1.0.4
Check: installed package size
Result: NOTE
     installed size is 5.0Mb
     sub-directories of 1Mb or more:
     extdata 2.6Mb
     libs 1.1Mb
Flavors: r-devel-linux-x86_64-fedora-clang, r-release-macos-arm64, r-release-windows-ix86+x86_64, r-oldrel-windows-ix86+x86_64