Last updated on 2021-02-25 07:49:50 CET.
Flavor | Version | Tinstall | Tcheck | Ttotal | Status | Flags |
---|---|---|---|---|---|---|
r-devel-linux-x86_64-debian-clang | 2020.6-17 | 8.21 | 69.18 | 77.39 | OK | |
r-devel-linux-x86_64-debian-gcc | 2020.6-17 | 5.25 | 54.12 | 59.37 | OK | |
r-devel-linux-x86_64-fedora-clang | 2020.6-17 | 101.04 | OK | |||
r-devel-linux-x86_64-fedora-gcc | 2020.6-17 | 91.15 | OK | |||
r-devel-windows-ix86+x86_64 | 2020.6-17 | 18.00 | 69.00 | 87.00 | OK | |
r-patched-linux-x86_64 | 2020.6-17 | 7.00 | 64.67 | 71.67 | OK | |
r-patched-solaris-x86 | 2020.6-17 | 134.70 | NOTE | |||
r-release-linux-x86_64 | 2020.6-17 | 7.95 | 66.36 | 74.31 | OK | |
r-release-macos-x86_64 | 2020.6-17 | OK | ||||
r-release-windows-ix86+x86_64 | 2020.6-17 | 32.00 | 88.00 | 120.00 | OK | |
r-oldrel-macos-x86_64 | 2020.6-17 | OK | ||||
r-oldrel-windows-ix86+x86_64 | 2020.6-17 | 11.00 | 84.00 | 95.00 | OK |
Version: 2020.6-17
Check: package dependencies
Result: NOTE
Package suggested but not available for checking: ‘Rmosek’
Flavor: r-patched-solaris-x86