CRAN Package Check Results for Package mdir.logrank

Last updated on 2021-04-20 23:47:48 CEST.

Flavor Version Tinstall Tcheck Ttotal Status Flags
r-devel-linux-x86_64-debian-clang 0.0.4 2.94 32.86 35.80 NOTE
r-devel-linux-x86_64-debian-gcc 0.0.4 2.40 25.29 27.69 NOTE
r-devel-linux-x86_64-fedora-clang 0.0.4 53.01 NOTE
r-devel-linux-x86_64-fedora-gcc 0.0.4 42.35 NOTE
r-devel-windows-ix86+x86_64 0.0.4 7.00 36.00 43.00 NOTE
r-devel-windows-x86_64-gcc10-UCRT 0.0.4 NOTE
r-patched-linux-x86_64 0.0.4 2.68 31.42 34.10 OK
r-patched-solaris-x86 0.0.4 61.70 OK
r-release-linux-x86_64 0.0.4 3.05 31.33 34.38 OK
r-release-macos-x86_64 0.0.4 OK
r-release-windows-ix86+x86_64 0.0.4 7.00 52.00 59.00 OK
r-oldrel-macos-x86_64 0.0.4 NOTE
r-oldrel-windows-ix86+x86_64 0.0.4 4.00 47.00 51.00 OK

Check Details

Version: 0.0.4
Check: LazyData
Result: NOTE
     'LazyData' is specified without a 'data' directory
Flavors: r-devel-linux-x86_64-debian-clang, r-devel-linux-x86_64-debian-gcc, r-devel-linux-x86_64-fedora-clang, r-devel-linux-x86_64-fedora-gcc, r-devel-windows-ix86+x86_64, r-devel-windows-x86_64-gcc10-UCRT

Version: 0.0.4
Check: package dependencies
Result: NOTE
    Package suggested but not available for checking: ‘RGtk2’
Flavor: r-oldrel-macos-x86_64