CRAN Package Check Results for Package mdhglm

Last updated on 2021-03-01 15:47:33 CET.

Flavor Version Tinstall Tcheck Ttotal Status Flags
r-devel-linux-x86_64-debian-clang 1.8 OK
r-devel-linux-x86_64-debian-gcc 1.8 18.60 90.59 109.19 OK
r-devel-linux-x86_64-fedora-clang 1.8 181.00 OK
r-devel-linux-x86_64-fedora-gcc 1.8 171.64 OK
r-devel-windows-ix86+x86_64 1.8 37.00 105.00 142.00 OK
r-patched-linux-x86_64 1.8 20.13 109.96 130.09 OK
r-patched-solaris-x86 1.8 221.60 OK
r-release-linux-x86_64 1.8 20.17 109.70 129.87 OK
r-release-macos-x86_64 1.8 OK
r-release-windows-ix86+x86_64 1.8 40.00 6.00 46.00 ERROR
r-oldrel-macos-x86_64 1.8 OK
r-oldrel-windows-ix86+x86_64 1.8 26.00 129.00 155.00 OK

Check Details

Version: 1.8
Check: whether package can be installed
Result: ERROR
    Installation failed.
Flavor: r-release-windows-ix86+x86_64