CRAN Package Check Results for Package mdendro

Last updated on 2021-06-16 19:49:51 CEST.

Flavor Version Tinstall Tcheck Ttotal Status Flags
r-devel-linux-x86_64-debian-clang 2.0 31.22 50.12 81.34 OK
r-devel-linux-x86_64-debian-gcc 2.0 19.95 37.67 57.62 OK
r-devel-linux-x86_64-fedora-clang 2.0 122.35 OK
r-devel-linux-x86_64-fedora-gcc 2.0 96.55 OK
r-devel-windows-x86_64 2.0 42.00 54.00 96.00 OK
r-devel-windows-x86_64-gcc10-UCRT 2.0 OK
r-patched-linux-x86_64 2.0 23.17 47.54 70.71 OK
r-patched-solaris-x86 2.0 740.60 ERROR
r-release-linux-x86_64 2.0 23.10 47.55 70.65 OK
r-release-macos-arm64 2.0 OK
r-release-macos-x86_64 2.0 OK
r-release-windows-ix86+x86_64 2.0 76.00 91.00 167.00 OK
r-oldrel-macos-x86_64 2.0 OK
r-oldrel-windows-ix86+x86_64 2.0 59.00 103.00 162.00 OK

Check Details

Version: 2.0
Check: examples
Result: ERROR
    Running examples in ‘mdendro-Ex.R’ failed
    The error most likely occurred in:
    
    > ### Name: linkage
    > ### Title: Extended Agglomerative Hierarchical Clustering
    > ### Aliases: linkage descplot
    > ### Keywords: cluster
    >
    > ### ** Examples
    >
    > ## Plot and summary of unweighted arithmetic linkage (UPGMA) dendrogram
    > lnk1 <- linkage(UScitiesD)
    > plot(lnk1)
    > summary(lnk1)
    linkage(prox = UScitiesD,
     type.prox = "distance",
     digits = 0,
     method = "arithmetic",
     weighted = FALSE,
     group = "variable")
    
     cor sdr ac cc tb
    0.8101937 0.6998814 0.7059747 0.3055556 0.9316262
    >
    > ## Linkage of similarity data (non-negative correlations)
    > sim <- as.dist(cor(EuStockMarkets))
    > lnk2 <- linkage(sim, type.prox = "similarity")
    Error in rcppLinkage(prox = prox, isDistance = (type.prox == "distance"), :
     std::bad_alloc
    Calls: linkage -> rcppLinkage
    Execution halted
Flavor: r-patched-solaris-x86

Version: 2.0
Check: re-building of vignette outputs
Result: WARN
    Error(s) in re-building vignettes:
     ...
    --- re-building ‘mdendro-vignette.Rmd’ using rmarkdown
    Warning in engine$weave(file, quiet = quiet, encoding = enc) :
     Pandoc (>= 1.12.3) not available. Falling back to R Markdown v1.
    Quitting from lines 101-104 (mdendro-vignette.Rmd)
    Error: processing vignette 'mdendro-vignette.Rmd' failed with diagnostics:
    std::bad_alloc
    --- failed re-building ‘mdendro-vignette.Rmd’
    
    SUMMARY: processing the following file failed:
     ‘mdendro-vignette.Rmd’
    
    Error: Vignette re-building failed.
    Execution halted
Flavor: r-patched-solaris-x86