CRAN Package Check Results for Package mdendro

Last updated on 2021-12-01 23:51:42 CET.

Flavor Version Tinstall Tcheck Ttotal Status Flags
r-devel-linux-x86_64-debian-clang 2.1.0 27.53 50.69 78.22 OK
r-devel-linux-x86_64-debian-gcc 2.1.0 19.18 38.92 58.10 OK
r-devel-linux-x86_64-fedora-clang 2.1.0 126.85 OK
r-devel-linux-x86_64-fedora-gcc 2.1.0 98.98 OK
r-devel-windows-x86_64-new-UL 2.1.0 51.00 125.00 176.00 OK
r-devel-windows-x86_64-new-TK 2.1.0 OK
r-devel-windows-x86_64-old 2.1.0 42.00 64.00 106.00 OK
r-patched-linux-x86_64 2.1.0 23.68 46.49 70.17 OK
r-patched-solaris-x86 2.1.0 279.80 ERROR
r-release-linux-x86_64 2.1.0 22.93 46.38 69.31 OK
r-release-macos-arm64 2.1.0 OK
r-release-macos-x86_64 2.1.0 OK
r-release-windows-ix86+x86_64 2.1.0 77.00 102.00 179.00 OK
r-oldrel-macos-x86_64 2.1.0 OK
r-oldrel-windows-ix86+x86_64 2.1.0 79.00 96.00 175.00 OK

Check Details

Version: 2.1.0
Check: examples
Result: ERROR
    Running examples in ‘mdendro-Ex.R’ failed
    The error most likely occurred in:
    
    > ### Name: linkage
    > ### Title: Extended Agglomerative Hierarchical Clustering
    > ### Aliases: linkage descplot
    > ### Keywords: cluster
    >
    > ### ** Examples
    >
    > ## Plot and summary of unweighted arithmetic linkage (UPGMA) dendrogram
    > lnk1 <- linkage(UScitiesD)
    > plot(lnk1)
    > summary(lnk1)
    Call:
    linkage(prox = UScitiesD,
     type.prox = "distance",
     digits = 0,
     method = "arithmetic",
     weighted = FALSE,
     group = "variable")
    
    Binary dendrogram: TRUE
    
    Descriptive measures:
     cor sdr ac cc tb
    0.8101937 0.6998814 0.7059747 0.3055556 0.9316262
    >
    > ## Linkage of similarity data (non-negative correlations)
    > sim <- as.dist(cor(EuStockMarkets))
    > lnk2 <- linkage(sim, type.prox = "similarity")
    Error in rcppLinkage(prox = as.numeric(prox), isDistance = as.logical(type.prox == :
     std::bad_alloc
    Calls: linkage -> rcppLinkage
    Execution halted
Flavor: r-patched-solaris-x86