CRAN Package Check Results for Package mcmcr

Last updated on 2021-06-24 07:50:16 CEST.

Flavor Version Tinstall Tcheck Ttotal Status Flags
r-devel-linux-x86_64-debian-clang 0.5.0 5.00 74.27 79.27 OK
r-devel-linux-x86_64-debian-gcc 0.5.0 4.75 55.37 60.12 OK
r-devel-linux-x86_64-fedora-clang 0.5.0 101.57 NOTE
r-devel-linux-x86_64-fedora-gcc 0.5.0 92.03 NOTE
r-devel-windows-x86_64 0.5.0 9.00 72.00 81.00 OK
r-devel-windows-x86_64-gcc10-UCRT 0.5.0 NOTE
r-patched-linux-x86_64 0.5.0 7.54 69.73 77.27 OK
r-patched-solaris-x86 0.5.0 123.90 NOTE
r-release-linux-x86_64 0.5.0 4.52 70.47 74.99 OK
r-release-macos-arm64 0.5.0 NOTE
r-release-macos-x86_64 0.5.0 NOTE
r-release-windows-ix86+x86_64 0.5.0 9.00 72.00 81.00 OK
r-oldrel-macos-x86_64 0.5.0 NOTE

Check Details

Version: 0.5.0
Check: dependencies in R code
Result: NOTE
    Namespace in Imports field not imported from: ‘generics’
     All declared Imports should be used.
Flavors: r-devel-linux-x86_64-fedora-clang, r-devel-linux-x86_64-fedora-gcc, r-devel-windows-x86_64-gcc10-UCRT, r-patched-solaris-x86, r-release-macos-arm64, r-release-macos-x86_64, r-oldrel-macos-x86_64

Version: 0.5.0
Check: package dependencies
Result: NOTE
    Package suggested but not available for checking: 'covr'
Flavor: r-devel-windows-x86_64-gcc10-UCRT