CRAN Package Check Results for Package mcmcplots

Last updated on 2021-04-14 23:47:17 CEST.

Flavor Version Tinstall Tcheck Ttotal Status Flags
r-devel-linux-x86_64-debian-clang 0.4.3 3.28 43.24 46.52 NOTE
r-devel-linux-x86_64-debian-gcc 0.4.3 2.98 33.99 36.97 NOTE
r-devel-linux-x86_64-fedora-clang 0.4.3 66.73 NOTE
r-devel-linux-x86_64-fedora-gcc 0.4.3 56.28 NOTE
r-devel-windows-ix86+x86_64 0.4.3 8.00 4.00 12.00 ERROR
r-devel-windows-x86_64-gcc10-UCRT 0.4.3 NOTE
r-patched-linux-x86_64 0.4.3 3.26 41.10 44.36 OK
r-patched-solaris-x86 0.4.3 81.20 OK
r-release-linux-x86_64 0.4.3 3.45 41.61 45.06 OK
r-release-macos-x86_64 0.4.3 OK
r-release-windows-ix86+x86_64 0.4.3 7.00 64.00 71.00 OK
r-oldrel-macos-x86_64 0.4.3 OK
r-oldrel-windows-ix86+x86_64 0.4.3 6.00 43.00 49.00 OK

Check Details

Version: 0.4.3
Check: LazyData
Result: NOTE
     'LazyData' is specified without a 'data' directory
Flavors: r-devel-linux-x86_64-debian-clang, r-devel-linux-x86_64-debian-gcc, r-devel-linux-x86_64-fedora-clang, r-devel-linux-x86_64-fedora-gcc, r-devel-windows-x86_64-gcc10-UCRT

Version: 0.4.3
Check: whether package can be installed
Result: ERROR
    Installation failed.
    See * DONE
Flavor: r-devel-windows-ix86+x86_64