CRAN Package Check Results for Package mclustcomp

Last updated on 2021-06-20 07:50:13 CEST.

Flavor Version Tinstall Tcheck Ttotal Status Flags
r-devel-linux-x86_64-debian-clang 0.3.3 31.50 28.81 60.31 OK
r-devel-linux-x86_64-debian-gcc 0.3.3 17.78 22.92 40.70 OK
r-devel-linux-x86_64-fedora-clang 0.3.3 90.14 OK
r-devel-linux-x86_64-fedora-gcc 0.3.3 72.31 OK
r-devel-windows-x86_64 0.3.3 40.00 59.00 99.00 OK
r-devel-windows-x86_64-gcc10-UCRT 0.3.3 OK
r-patched-linux-x86_64 0.3.3 24.16 28.29 52.45 OK
r-patched-solaris-x86 0.3.3 84.90 OK
r-release-linux-x86_64 0.3.3 24.16 28.48 52.64 OK
r-release-macos-arm64 0.3.3 OK
r-release-macos-x86_64 0.3.3 OK
r-release-windows-ix86+x86_64 0.3.1 75.00 71.00 146.00 NOTE
r-oldrel-macos-x86_64 0.3.3 OK
r-oldrel-windows-ix86+x86_64 0.3.3 58.00 62.00 120.00 OK

Check Details

Version: 0.3.1
Check: LazyData
Result: NOTE
     'LazyData' is specified without a 'data' directory
Flavor: r-release-windows-ix86+x86_64