CRAN Package Check Results for Package mazeinda

Last updated on 2021-11-27 11:52:48 CET.

Flavor Version Tinstall Tcheck Ttotal Status Flags
r-devel-linux-x86_64-debian-clang 0.0.1 NOTE --no-vignettes
r-devel-linux-x86_64-debian-gcc 0.0.1 1.81 20.15 21.96 NOTE --no-vignettes
r-devel-linux-x86_64-fedora-clang 0.0.1 988.26 NOTE
r-devel-linux-x86_64-fedora-gcc 0.0.1 1003.49 NOTE
r-devel-windows-x86_64-new-UL 0.0.1 7.00 941.00 948.00 NOTE
r-devel-windows-x86_64-new-TK 0.0.1 NOTE --no-vignettes
r-devel-windows-x86_64-old 0.0.1 4.00 1085.00 1089.00 NOTE
r-patched-linux-x86_64 0.0.1 2.46 24.54 27.00 NOTE --no-vignettes
r-patched-solaris-x86 0.0.1 53.50 NOTE
r-release-linux-x86_64 0.0.1 NOTE --no-vignettes
r-release-macos-arm64 0.0.1 NOTE
r-release-macos-x86_64 0.0.1 NOTE
r-release-windows-ix86+x86_64 0.0.1 6.00 675.00 681.00 NOTE
r-oldrel-macos-x86_64 0.0.1 OK
r-oldrel-windows-ix86+x86_64 0.0.1 5.00 1042.00 1047.00 NOTE

Check Details

Version: 0.0.1
Flags: --no-vignettes
Check: LazyData
Result: NOTE
     'LazyData' is specified without a 'data' directory
Flavors: r-devel-linux-x86_64-debian-clang, r-devel-linux-x86_64-debian-gcc, r-devel-windows-x86_64-new-TK, r-patched-linux-x86_64, r-release-linux-x86_64

Version: 0.0.1
Flags: --no-vignettes
Check: package vignettes
Result: NOTE
    Package vignette with placeholder title 'Vignette Title':
     'my-vignette.Rmd'
Flavors: r-devel-linux-x86_64-debian-clang, r-devel-linux-x86_64-debian-gcc, r-patched-linux-x86_64, r-release-linux-x86_64

Version: 0.0.1
Check: LazyData
Result: NOTE
     'LazyData' is specified without a 'data' directory
Flavors: r-devel-linux-x86_64-fedora-clang, r-devel-linux-x86_64-fedora-gcc, r-devel-windows-x86_64-new-UL, r-devel-windows-x86_64-old, r-patched-solaris-x86, r-release-macos-arm64, r-release-macos-x86_64, r-release-windows-ix86+x86_64

Version: 0.0.1
Check: package dependencies
Result: NOTE
    Package suggested but not available for checking: 'doMC'
Flavors: r-devel-windows-x86_64-new-UL, r-devel-windows-x86_64-old, r-release-windows-ix86+x86_64, r-oldrel-windows-ix86+x86_64

Version: 0.0.1
Check: package vignettes
Result: NOTE
    Package vignette with placeholder title 'Vignette Title':
     'my-vignette.Rmd'
Flavors: r-devel-windows-x86_64-new-UL, r-devel-windows-x86_64-old, r-release-windows-ix86+x86_64, r-oldrel-windows-ix86+x86_64

Version: 0.0.1
Flags: --no-vignettes
Check: package dependencies
Result: NOTE
    Package suggested but not available for checking: 'doMC'
Flavor: r-devel-windows-x86_64-new-TK