CRAN Package Check Results for Package match2C

Last updated on 2021-04-14 23:47:16 CEST.

Flavor Version Tinstall Tcheck Ttotal Status Flags
r-devel-linux-x86_64-debian-clang 1.1.0 22.25 380.21 402.46 OK
r-devel-linux-x86_64-debian-gcc 1.1.0 13.73 293.70 307.43 OK
r-devel-linux-x86_64-fedora-clang 1.1.0 471.78 OK
r-devel-linux-x86_64-fedora-gcc 1.1.0 491.19 OK
r-devel-windows-ix86+x86_64 1.1.0 52.00 4.00 56.00 ERROR
r-devel-windows-x86_64-gcc10-UCRT 1.1.0 OK
r-patched-linux-x86_64 1.1.0 17.90 376.95 394.85 OK
r-patched-solaris-x86 1.1.0 711.40 OK
r-release-linux-x86_64 1.1.0 16.07 390.70 406.77 OK
r-release-macos-x86_64 1.1.0 OK
r-release-windows-ix86+x86_64 1.1.0 54.00 481.00 535.00 OK
r-oldrel-macos-x86_64 1.1.0 OK
r-oldrel-windows-ix86+x86_64 1.1.0 38.00 393.00 431.00 OK

Check Details

Version: 1.1.0
Check: whether package can be installed
Result: ERROR
    
    See * DONE
Flavor: r-devel-windows-ix86+x86_64