Last updated on 2021-02-28 19:48:04 CET.
Flavor | Version | Tinstall | Tcheck | Ttotal | Status | Flags |
---|---|---|---|---|---|---|
r-devel-linux-x86_64-debian-clang | 0.2.38 | OK | ||||
r-devel-linux-x86_64-debian-gcc | 0.2.38 | 49.13 | 209.15 | 258.28 | OK | |
r-devel-linux-x86_64-fedora-clang | 0.2.38 | 443.56 | NOTE | |||
r-devel-linux-x86_64-fedora-gcc | 0.2.38 | 414.90 | OK | |||
r-devel-windows-ix86+x86_64 | 0.2.38 | 110.00 | 335.00 | 445.00 | OK | |
r-patched-linux-x86_64 | 0.2.38 | 57.72 | 263.64 | 321.36 | OK | |
r-patched-solaris-x86 | 0.2.38 | 468.20 | NOTE | |||
r-release-linux-x86_64 | 0.2.38 | 62.75 | 262.49 | 325.24 | OK | |
r-release-macos-x86_64 | 0.2.38 | NOTE | ||||
r-release-windows-ix86+x86_64 | 0.2.38 | 154.00 | 450.00 | 604.00 | OK | |
r-oldrel-macos-x86_64 | 0.2.38 | NOTE | ||||
r-oldrel-windows-ix86+x86_64 | 0.2.38 | 108.00 | 387.00 | 495.00 | NOTE |
Version: 0.2.38
Check: installed package size
Result: NOTE
installed size is 6.6Mb
sub-directories of 1Mb or more:
libs 5.6Mb
Flavors: r-devel-linux-x86_64-fedora-clang, r-release-macos-x86_64, r-oldrel-macos-x86_64
Version: 0.2.38
Check: package dependencies
Result: NOTE
Package suggested but not available for checking: ‘REBayes’
Flavors: r-patched-solaris-x86, r-oldrel-windows-ix86+x86_64