Last updated on 2023-06-04 15:56:51 CEST.
Flavor | Version | Tinstall | Tcheck | Ttotal | Status | Flags |
---|---|---|---|---|---|---|
r-devel-linux-x86_64-debian-clang | 0.9.3 | 196.95 | 308.24 | 505.19 | NOTE | |
r-devel-linux-x86_64-debian-gcc | 0.9.3 | 151.08 | 231.04 | 382.12 | NOTE | |
r-devel-linux-x86_64-fedora-clang | 0.9.3 | 659.82 | NOTE | |||
r-devel-linux-x86_64-fedora-gcc | 0.9.3 | 720.69 | NOTE | |||
r-devel-windows-x86_64 | 0.9.3 | 136.00 | 340.00 | 476.00 | NOTE | |
r-patched-linux-x86_64 | 0.9.3 | 156.16 | 292.73 | 448.89 | NOTE | |
r-release-linux-x86_64 | 0.9.3 | 160.44 | 298.82 | 459.26 | NOTE | |
r-release-macos-arm64 | 0.9.3 | 184.00 | NOTE | |||
r-release-macos-x86_64 | 0.9.1 | 264.00 | NOTE | |||
r-release-windows-x86_64 | 0.9.3 | 175.00 | 344.00 | 519.00 | NOTE | |
r-oldrel-macos-arm64 | 0.9.1 | 166.00 | NOTE | |||
r-oldrel-macos-x86_64 | 0.9.1 | 194.00 | NOTE | |||
r-oldrel-windows-x86_64 | 0.9.1 | 168.00 | 331.00 | 499.00 | OK |
Version: 0.9.3
Check: for GNU extensions in Makefiles
Result: NOTE
GNU make is a SystemRequirements.
Flavors: r-devel-linux-x86_64-debian-clang, r-devel-linux-x86_64-debian-gcc, r-devel-linux-x86_64-fedora-clang, r-devel-linux-x86_64-fedora-gcc, r-devel-windows-x86_64, r-patched-linux-x86_64, r-release-linux-x86_64, r-release-macos-arm64, r-release-windows-x86_64
Version: 0.9.3
Check: installed package size
Result: NOTE
installed size is 10.4Mb
sub-directories of 1Mb or more:
libs 8.7Mb
Flavor: r-release-macos-arm64
Version: 0.9.1
Check: C++ specification
Result: NOTE
Specified C++11: please drop specification unless essential
Flavor: r-release-macos-x86_64
Version: 0.9.1
Check: installed package size
Result: NOTE
installed size is 10.0Mb
sub-directories of 1Mb or more:
libs 8.3Mb
Flavors: r-release-macos-x86_64, r-oldrel-macos-arm64, r-oldrel-macos-x86_64