CRAN Package Check Results for Package markmyassignment

Last updated on 2021-06-15 07:49:10 CEST.

Flavor Version Tinstall Tcheck Ttotal Status Flags
r-devel-linux-x86_64-debian-clang 0.8.3 3.34 47.13 50.47 OK
r-devel-linux-x86_64-debian-gcc 0.8.3 2.55 35.79 38.34 OK
r-devel-linux-x86_64-fedora-clang 0.8.3 68.55 NOTE
r-devel-linux-x86_64-fedora-gcc 0.8.3 78.97 NOTE
r-devel-windows-x86_64 0.8.3 6.00 104.00 110.00 OK
r-devel-windows-x86_64-gcc10-UCRT 0.8.3 NOTE
r-patched-linux-x86_64 0.8.3 3.19 45.64 48.83 OK
r-patched-solaris-x86 0.8.3 79.70 NOTE
r-release-linux-x86_64 0.8.3 2.78 45.08 47.86 OK
r-release-macos-arm64 0.8.3 NOTE
r-release-macos-x86_64 0.8.3 NOTE
r-release-windows-ix86+x86_64 0.8.3 7.00 106.00 113.00 OK
r-oldrel-macos-x86_64 0.8.3 NOTE
r-oldrel-windows-ix86+x86_64 0.8.3 8.00 110.00 118.00 OK

Check Details

Version: 0.8.3
Check: dependencies in R code
Result: NOTE
    Namespace in Imports field not imported from: ‘lazyeval’
     All declared Imports should be used.
Flavors: r-devel-linux-x86_64-fedora-clang, r-devel-linux-x86_64-fedora-gcc, r-devel-windows-x86_64-gcc10-UCRT, r-patched-solaris-x86, r-release-macos-arm64, r-release-macos-x86_64, r-oldrel-macos-x86_64