CRAN Package Check Results for Package mapsPERU

Last updated on 2022-08-09 19:54:57 CEST.

Flavor Version Tinstall Tcheck Ttotal Status Flags
r-devel-linux-x86_64-debian-clang 1.0.2 5.82 38.65 44.47 OK
r-devel-linux-x86_64-debian-gcc 1.0.2 5.57 30.11 35.68 OK
r-devel-linux-x86_64-fedora-clang 1.0.2 65.81 NOTE
r-devel-linux-x86_64-fedora-gcc 1.0.2 63.25 NOTE
r-devel-windows-x86_64 1.0.2 25.00 69.00 94.00 OK
r-patched-linux-x86_64 1.0.2 6.10 37.43 43.53 OK
r-release-linux-x86_64 1.0.2 OK
r-release-macos-arm64 1.0.2 20.00 NOTE
r-release-macos-x86_64 1.0.2 30.00 NOTE
r-release-windows-x86_64 1.0.2 14.00 68.00 82.00 OK
r-oldrel-macos-arm64 1.0.2 20.00 NOTE
r-oldrel-macos-x86_64 1.0.2 30.00 NOTE
r-oldrel-windows-ix86+x86_64 1.0.2 12.00 55.00 67.00 OK

Check Details

Version: 1.0.2
Check: data for non-ASCII characters
Result: NOTE
     Note: found 1763 marked UTF-8 strings
Flavors: r-devel-linux-x86_64-fedora-clang, r-devel-linux-x86_64-fedora-gcc, r-release-macos-arm64, r-release-macos-x86_64, r-oldrel-macos-arm64, r-oldrel-macos-x86_64