CRAN Package Check Results for Package mangoTraining

Last updated on 2021-06-12 23:49:11 CEST.

Flavor Version Tinstall Tcheck Ttotal Status Flags
r-devel-linux-x86_64-debian-clang 1.1.1 4.36 27.93 32.29 OK
r-devel-linux-x86_64-debian-gcc 1.1.1 4.17 22.63 26.80 OK
r-devel-linux-x86_64-fedora-clang 1.1.1 49.83 NOTE
r-devel-linux-x86_64-fedora-gcc 1.1.1 39.22 NOTE
r-devel-windows-x86_64 1.1.1 10.00 46.00 56.00 OK
r-devel-windows-x86_64-gcc10-UCRT 1.1.1 NOTE
r-patched-linux-x86_64 1.1.1 4.68 27.65 32.33 OK
r-patched-solaris-x86 1.1.1 62.10 NOTE
r-release-linux-x86_64 1.1.1 4.50 27.67 32.17 OK
r-release-macos-arm64 1.1.1 NOTE
r-release-macos-x86_64 1.1.1 NOTE
r-release-windows-ix86+x86_64 1.1.1 10.00 45.00 55.00 OK
r-oldrel-macos-x86_64 1.1.1 NOTE
r-oldrel-windows-ix86+x86_64 1.1.1 24.00 45.00 69.00 OK

Check Details

Version: 1.1.1
Check: dependencies in R code
Result: NOTE
    Namespace in Imports field not imported from: ‘tibble’
     All declared Imports should be used.
Flavors: r-devel-linux-x86_64-fedora-clang, r-devel-linux-x86_64-fedora-gcc, r-devel-windows-x86_64-gcc10-UCRT, r-patched-solaris-x86, r-release-macos-arm64, r-release-macos-x86_64, r-oldrel-macos-x86_64

Version: 1.1.1
Check: data for non-ASCII characters
Result: NOTE
     Note: found 328 marked UTF-8 strings
Flavors: r-devel-linux-x86_64-fedora-clang, r-devel-linux-x86_64-fedora-gcc, r-devel-windows-x86_64-gcc10-UCRT, r-patched-solaris-x86, r-release-macos-arm64, r-release-macos-x86_64, r-oldrel-macos-x86_64