CRAN Package Check Results for Package magmaR

Last updated on 2021-11-27 19:49:39 CET.

Flavor Version Tinstall Tcheck Ttotal Status Flags
r-devel-linux-x86_64-debian-clang 1.0.2 OK
r-devel-linux-x86_64-debian-gcc 1.0.2 2.28 57.10 59.38 OK
r-devel-linux-x86_64-fedora-clang 1.0.2 92.37 NOTE
r-devel-linux-x86_64-fedora-gcc 1.0.2 96.61 OK
r-devel-windows-x86_64-new-UL 1.0.2 9.00 127.00 136.00 OK
r-devel-windows-x86_64-new-TK 1.0.2 OK
r-devel-windows-x86_64-old 1.0.2 5.00 95.00 100.00 OK
r-patched-linux-x86_64 1.0.2 3.31 72.55 75.86 OK
r-patched-solaris-x86 1.0.2 80.60 OK
r-release-linux-x86_64 1.0.2 OK
r-release-macos-arm64 1.0.2 OK
r-release-macos-x86_64 1.0.2 NOTE
r-release-windows-ix86+x86_64 1.0.2 6.00 109.00 115.00 OK
r-oldrel-macos-x86_64 1.0.2 NOTE
r-oldrel-windows-ix86+x86_64 1.0.2 5.00 107.00 112.00 OK

Check Details

Version: 1.0.2
Check: package dependencies
Result: NOTE
    Package suggested but not available for checking: ‘dittoSeq’
Flavors: r-devel-linux-x86_64-fedora-clang, r-release-macos-x86_64, r-oldrel-macos-x86_64