CRAN Package Check Results for Package lymphclon

Last updated on 2021-12-04 19:53:00 CET.

Flavor Version Tinstall Tcheck Ttotal Status Flags
r-devel-linux-x86_64-debian-clang 1.3.0 7.34 69.19 76.53 NOTE
r-devel-linux-x86_64-debian-gcc 1.3.0 6.16 54.46 60.62 NOTE
r-devel-linux-x86_64-fedora-clang 1.3.0 93.34 NOTE
r-devel-linux-x86_64-fedora-gcc 1.3.0 83.06 NOTE
r-devel-windows-x86_64-new-UL 1.3.0 12.00 103.00 115.00 NOTE
r-devel-windows-x86_64-new-TK 1.3.0 NOTE
r-devel-windows-x86_64-old 1.3.0 10.00 60.00 70.00 NOTE
r-patched-linux-x86_64 1.3.0 7.43 59.69 67.12 NOTE
r-release-linux-x86_64 1.3.0 6.58 59.14 65.72 NOTE
r-release-macos-arm64 1.3.0 NOTE
r-release-macos-x86_64 1.3.0 NOTE
r-release-windows-ix86+x86_64 1.3.0 16.00 83.00 99.00 NOTE
r-oldrel-macos-x86_64 1.3.0 NOTE
r-oldrel-windows-ix86+x86_64 1.3.0 16.00 81.00 97.00 NOTE

Check Details

Version: 1.3.0
Check: R code for possible problems
Result: NOTE
    generate.clonal.data : pcr.rpareto.func: no visible global function
     definition for 'runif'
    generate.clonal.data : get.readcount.given.cellcount: no visible global
     function definition for 'rlnorm'
    generate.clonal.data: no visible global function definition for
     'rmultinom'
    generate.clonal.data: no visible global function definition for 'rpois'
    infer.clonality: no visible global function definition for 'cov'
    infer.clonality: no visible global function definition for
     'capture.output'
    Undefined global functions or variables:
     capture.output cov rlnorm rmultinom rpois runif
    Consider adding
     importFrom("stats", "cov", "rlnorm", "rmultinom", "rpois", "runif")
     importFrom("utils", "capture.output")
    to your NAMESPACE file.
Flavors: r-devel-linux-x86_64-debian-clang, r-devel-linux-x86_64-debian-gcc, r-devel-linux-x86_64-fedora-clang, r-devel-linux-x86_64-fedora-gcc, r-devel-windows-x86_64-new-UL, r-devel-windows-x86_64-new-TK, r-devel-windows-x86_64-old, r-patched-linux-x86_64, r-release-linux-x86_64, r-release-macos-arm64, r-release-macos-x86_64, r-release-windows-ix86+x86_64, r-oldrel-macos-x86_64, r-oldrel-windows-ix86+x86_64