CRAN Package Check Results for Package lutz

Last updated on 2021-06-24 07:50:16 CEST.

Flavor Version Tinstall Tcheck Ttotal Status Flags
r-devel-linux-x86_64-debian-clang 0.3.1 28.26 87.03 115.29 NOTE
r-devel-linux-x86_64-debian-gcc 0.3.1 18.93 67.03 85.96 NOTE
r-devel-linux-x86_64-fedora-clang 0.3.1 153.87 NOTE
r-devel-linux-x86_64-fedora-gcc 0.3.1 142.98 NOTE
r-devel-windows-x86_64 0.3.1 35.00 103.00 138.00 NOTE
r-devel-windows-x86_64-gcc10-UCRT 0.3.1 NOTE
r-patched-linux-x86_64 0.3.1 23.27 84.99 108.26 NOTE
r-patched-solaris-x86 0.3.1 146.50 NOTE
r-release-linux-x86_64 0.3.1 21.29 83.73 105.02 NOTE
r-release-macos-arm64 0.3.1 ERROR
r-release-macos-x86_64 0.3.1 NOTE
r-release-windows-ix86+x86_64 0.3.1 55.00 180.00 235.00 NOTE
r-oldrel-macos-x86_64 0.3.1 NOTE

Check Details

Version: 0.3.1
Check: LazyData
Result: NOTE
     'LazyData' is specified without a 'data' directory
Flavors: r-devel-linux-x86_64-debian-clang, r-devel-linux-x86_64-debian-gcc, r-devel-linux-x86_64-fedora-clang, r-devel-linux-x86_64-fedora-gcc, r-devel-windows-x86_64, r-devel-windows-x86_64-gcc10-UCRT, r-patched-linux-x86_64, r-patched-solaris-x86, r-release-linux-x86_64, r-release-macos-arm64, r-release-macos-x86_64, r-release-windows-ix86+x86_64

Version: 0.3.1
Check: installed package size
Result: NOTE
     installed size is 5.2Mb
     sub-directories of 1Mb or more:
     R 4.0Mb
Flavors: r-devel-windows-x86_64, r-release-macos-arm64, r-release-macos-x86_64, r-release-windows-ix86+x86_64, r-oldrel-macos-x86_64

Version: 0.3.1
Check: package dependencies
Result: NOTE
    Package suggested but not available for checking: 'covr'
Flavor: r-devel-windows-x86_64-gcc10-UCRT

Version: 0.3.1
Check: package dependencies
Result: NOTE
    Packages suggested but not available for checking: 'sf', 'rgdal'
Flavor: r-release-macos-arm64

Version: 0.3.1
Check: tests
Result: ERROR
     Running ‘testthat.R’ [3s/3s]
    Running the tests in ‘tests/testthat.R’ failed.
    Last 13 lines of output:
     1. ├─testthat::expect_warning(...) test-tz_lookup2.R:57:2
     2. │ └─testthat:::quasi_capture(enquo(object), label, capture_warnings)
     3. │ ├─testthat:::.capture(...)
     4. │ │ └─base::withCallingHandlers(...)
     5. │ └─rlang::eval_bare(quo_get_expr(.quo), quo_get_env(.quo))
     6. ├─lutz::tz_lookup_coords(coords[2], coords[1], method = "accurate")
     7. │ └─lutz:::tz_lookup_coords_accurate(lat, lon)
     8. └─base::loadNamespace(x)
     9. └─base::withRestarts(stop(cond), retry_loadNamespace = function() NULL)
     10. └─base:::withOneRestart(expr, restarts[[1L]])
     11. └─base:::doWithOneRestart(return(expr), restart)
    
     [ FAIL 4 | WARN 0 | SKIP 4 | PASS 1049 ]
     Error: Test failures
     Execution halted
Flavor: r-release-macos-arm64