Last updated on 2021-02-25 07:49:49 CET.
Flavor | Version | Tinstall | Tcheck | Ttotal | Status | Flags |
---|---|---|---|---|---|---|
r-devel-linux-x86_64-debian-clang | 0.1.8 | 98.15 | 125.28 | 223.43 | OK | |
r-devel-linux-x86_64-debian-gcc | 0.1.8 | 68.17 | 92.82 | 160.99 | OK | |
r-devel-linux-x86_64-fedora-clang | 0.1.8 | 299.06 | NOTE | |||
r-devel-linux-x86_64-fedora-gcc | 0.1.8 | 271.51 | OK | |||
r-devel-windows-ix86+x86_64 | 0.1.8 | 163.00 | 147.00 | 310.00 | OK | |
r-patched-linux-x86_64 | 0.1.8 | 83.17 | 112.69 | 195.86 | OK | |
r-patched-solaris-x86 | 0.1.8 | 321.30 | OK | |||
r-release-linux-x86_64 | 0.1.8 | 81.30 | 113.49 | 194.79 | OK | |
r-release-macos-x86_64 | 0.1.8 | NOTE | ||||
r-release-windows-ix86+x86_64 | 0.1.8 | 229.00 | 5.00 | 234.00 | ERROR | |
r-oldrel-macos-x86_64 | 0.1.8 | NOTE | ||||
r-oldrel-windows-ix86+x86_64 | 0.1.8 | 150.00 | 172.00 | 322.00 | OK |
Version: 0.1.8
Check: installed package size
Result: NOTE
installed size is 6.2Mb
sub-directories of 1Mb or more:
data 2.1Mb
libs 4.0Mb
Flavors: r-devel-linux-x86_64-fedora-clang, r-release-macos-x86_64, r-oldrel-macos-x86_64
Version: 0.1.8
Check: whether package can be installed
Result: ERROR
Installation failed.
See for details.
*
Flavor: r-release-windows-ix86+x86_64