CRAN Package Check Results for Package lslx

Last updated on 2024-07-14 04:52:17 CEST.

Flavor Version Tinstall Tcheck Ttotal Status Flags
r-devel-linux-x86_64-debian-clang 0.6.11 236.44 117.29 353.73 OK
r-devel-linux-x86_64-debian-gcc 0.6.11 203.72 107.52 311.24 OK
r-devel-linux-x86_64-fedora-clang 0.6.11 457.11 OK
r-devel-linux-x86_64-fedora-gcc 0.6.11 581.91 OK
r-devel-windows-x86_64 0.6.11 178.00 144.00 322.00 OK
r-patched-linux-x86_64 0.6.11 230.59 136.95 367.54 OK
r-release-linux-x86_64 0.6.11 223.80 134.00 357.80 OK
r-release-macos-arm64 0.6.11 114.00 NOTE
r-release-macos-x86_64 0.6.11 156.00 NOTE
r-release-windows-x86_64 0.6.11 174.00 145.00 319.00 OK
r-oldrel-macos-arm64 0.6.11 114.00 NOTE
r-oldrel-macos-x86_64 0.6.11 182.00 NOTE
r-oldrel-windows-x86_64 0.6.11 234.00 167.00 401.00 OK

Check Details

Version: 0.6.11
Check: installed package size
Result: NOTE installed size is 108.9Mb sub-directories of 1Mb or more: doc 1.6Mb libs 106.6Mb Flavors: r-release-macos-arm64, r-release-macos-x86_64, r-oldrel-macos-arm64, r-oldrel-macos-x86_64