CRAN Package Check Results for Package lsl

Last updated on 2022-05-26 03:53:13 CEST.

Flavor Version Tinstall Tcheck Ttotal Status Flags
r-devel-linux-x86_64-debian-clang 0.5.6 8.29 82.01 90.30 NOTE
r-devel-linux-x86_64-debian-gcc 0.5.6 6.47 60.27 66.74 NOTE
r-devel-linux-x86_64-fedora-clang 0.5.6 106.86 NOTE
r-devel-linux-x86_64-fedora-gcc 0.5.6 91.40 NOTE
r-devel-windows-x86_64 0.5.6 14.00 92.00 106.00 NOTE
r-patched-linux-x86_64 0.5.6 7.22 76.09 83.31 NOTE
r-release-linux-x86_64 0.5.6 NOTE
r-release-macos-arm64 0.5.6 31.00 NOTE
r-release-macos-x86_64 0.5.6 54.00 NOTE
r-release-windows-x86_64 0.5.6 15.00 90.00 105.00 NOTE
r-oldrel-macos-arm64 0.5.6 38.00 NOTE
r-oldrel-macos-x86_64 0.5.6 42.00 NOTE
r-oldrel-windows-ix86+x86_64 0.5.6 22.00 86.00 108.00 NOTE

Check Details

Version: 0.5.6
Check: LazyData
Result: NOTE
     'LazyData' is specified without a 'data' directory
Flavors: r-devel-linux-x86_64-debian-clang, r-devel-linux-x86_64-debian-gcc, r-devel-linux-x86_64-fedora-clang, r-devel-linux-x86_64-fedora-gcc, r-devel-windows-x86_64, r-patched-linux-x86_64, r-release-linux-x86_64, r-release-macos-arm64, r-release-macos-x86_64, r-release-windows-x86_64, r-oldrel-macos-arm64, r-oldrel-macos-x86_64, r-oldrel-windows-ix86+x86_64