CRAN Package Check Results for Package lsbs

Last updated on 2022-05-26 03:53:13 CEST.

Flavor Version Tinstall Tcheck Ttotal Status Flags
r-devel-linux-x86_64-debian-clang 0.1 2.43 43.92 46.35 NOTE
r-devel-linux-x86_64-debian-gcc 0.1 1.83 33.13 34.96 NOTE
r-devel-linux-x86_64-fedora-clang 0.1 56.10 NOTE
r-devel-linux-x86_64-fedora-gcc 0.1 44.28 NOTE
r-devel-windows-x86_64 0.1 5.00 65.00 70.00 NOTE
r-patched-linux-x86_64 0.1 2.21 42.59 44.80 NOTE
r-release-linux-x86_64 0.1 NOTE
r-release-macos-arm64 0.1 24.00 NOTE
r-release-macos-x86_64 0.1 27.00 NOTE
r-release-windows-x86_64 0.1 6.00 66.00 72.00 NOTE
r-oldrel-macos-arm64 0.1 25.00 NOTE
r-oldrel-macos-x86_64 0.1 36.00 NOTE
r-oldrel-windows-ix86+x86_64 0.1 6.00 54.00 60.00 NOTE

Check Details

Version: 0.1
Check: LazyData
Result: NOTE
     'LazyData' is specified without a 'data' directory
Flavors: r-devel-linux-x86_64-debian-clang, r-devel-linux-x86_64-debian-gcc, r-devel-linux-x86_64-fedora-clang, r-devel-linux-x86_64-fedora-gcc, r-devel-windows-x86_64, r-patched-linux-x86_64, r-release-linux-x86_64, r-release-macos-arm64, r-release-macos-x86_64, r-release-windows-x86_64, r-oldrel-macos-arm64, r-oldrel-macos-x86_64, r-oldrel-windows-ix86+x86_64

Version: 0.1
Check: dependencies in R code
Result: NOTE
    Namespace in Imports field not imported from: ‘Matrix’
     All declared Imports should be used.
Flavors: r-devel-linux-x86_64-fedora-clang, r-devel-linux-x86_64-fedora-gcc, r-release-macos-arm64, r-release-macos-x86_64, r-oldrel-macos-arm64, r-oldrel-macos-x86_64