CRAN Package Check Results for Package lsa

Last updated on 2021-07-25 19:51:36 CEST.

Flavor Version Tinstall Tcheck Ttotal Status Flags
r-devel-linux-x86_64-debian-clang 0.73.2 3.26 37.32 40.58 OK
r-devel-linux-x86_64-debian-gcc 0.73.2 2.77 30.08 32.85 OK
r-devel-linux-x86_64-fedora-clang 0.73.2 60.63 NOTE
r-devel-linux-x86_64-fedora-gcc 0.73.2 5.91 ERROR
r-devel-windows-x86_64 0.73.2 6.00 56.00 62.00 OK
r-devel-windows-x86_64-gcc10-UCRT 0.73.2 NOTE
r-patched-linux-x86_64 0.73.2 3.91 36.74 40.65 OK
r-patched-solaris-x86 0.73.2 76.10 NOTE
r-release-linux-x86_64 0.73.2 3.57 36.43 40.00 OK
r-release-macos-arm64 0.73.2 NOTE
r-release-macos-x86_64 0.73.2 NOTE
r-release-windows-ix86+x86_64 0.73.2 7.00 44.00 51.00 OK
r-oldrel-macos-x86_64 0.73.2 NOTE
r-oldrel-windows-ix86+x86_64 0.73.2 6.00 56.00 62.00 OK

Check Details

Version: 0.73.2
Check: data for non-ASCII characters
Result: NOTE
     Note: found 143 marked Latin-1 strings
     Note: found 833 marked UTF-8 strings
Flavors: r-devel-linux-x86_64-fedora-clang, r-devel-windows-x86_64-gcc10-UCRT, r-patched-solaris-x86, r-release-macos-arm64, r-release-macos-x86_64, r-oldrel-macos-x86_64

Version: 0.73.2
Check: whether package can be installed
Result: ERROR
    Installation failed.
Flavor: r-devel-linux-x86_64-fedora-gcc