CRAN Package Check Results for Package lorenz

Last updated on 2021-06-16 19:49:50 CEST.

Flavor Version Tinstall Tcheck Ttotal Status Flags
r-devel-linux-x86_64-debian-clang 0.1.0 2.70 25.35 28.05 NOTE
r-devel-linux-x86_64-debian-gcc 0.1.0 2.10 19.87 21.97 NOTE
r-devel-linux-x86_64-fedora-clang 0.1.0 42.90 NOTE
r-devel-linux-x86_64-fedora-gcc 0.1.0 32.47 NOTE
r-devel-windows-x86_64 0.1.0 5.00 33.00 38.00 NOTE
r-devel-windows-x86_64-gcc10-UCRT 0.1.0 NOTE
r-patched-linux-x86_64 0.1.0 2.77 24.47 27.24 NOTE
r-patched-solaris-x86 0.1.0 50.20 NOTE
r-release-linux-x86_64 0.1.0 2.64 24.45 27.09 NOTE
r-release-macos-arm64 0.1.0 NOTE
r-release-macos-x86_64 0.1.0 NOTE
r-release-windows-ix86+x86_64 0.1.0 6.00 40.00 46.00 NOTE
r-oldrel-macos-x86_64 0.1.0 OK
r-oldrel-windows-ix86+x86_64 0.1.0 6.00 39.00 45.00 OK

Check Details

Version: 0.1.0
Check: LazyData
Result: NOTE
     'LazyData' is specified without a 'data' directory
Flavors: r-devel-linux-x86_64-debian-clang, r-devel-linux-x86_64-debian-gcc, r-devel-linux-x86_64-fedora-clang, r-devel-linux-x86_64-fedora-gcc, r-devel-windows-x86_64, r-devel-windows-x86_64-gcc10-UCRT, r-patched-linux-x86_64, r-patched-solaris-x86, r-release-linux-x86_64, r-release-macos-arm64, r-release-macos-x86_64, r-release-windows-ix86+x86_64