CRAN Package Check Results for Package lookout

Last updated on 2021-06-17 03:51:02 CEST.

Flavor Version Tinstall Tcheck Ttotal Status Flags
r-devel-linux-x86_64-debian-clang 0.1.0 5.11 50.64 55.75 NOTE
r-devel-linux-x86_64-debian-gcc 0.1.0 3.98 37.33 41.31 NOTE
r-devel-linux-x86_64-fedora-clang 0.1.0 74.17 NOTE
r-devel-linux-x86_64-fedora-gcc 0.1.0 62.22 NOTE
r-devel-windows-x86_64 0.1.0 8.00 70.00 78.00 NOTE
r-devel-windows-x86_64-gcc10-UCRT 0.1.0 NOTE
r-patched-linux-x86_64 0.1.0 4.93 46.52 51.45 NOTE
r-patched-solaris-x86 0.1.0 93.20 NOTE
r-release-linux-x86_64 0.1.0 4.26 46.09 50.35 NOTE
r-release-macos-arm64 0.1.0 NOTE
r-release-macos-x86_64 0.1.0 NOTE
r-release-windows-ix86+x86_64 0.1.0 13.00 68.00 81.00 NOTE
r-oldrel-macos-x86_64 0.1.0 OK
r-oldrel-windows-ix86+x86_64 0.1.0 11.00 71.00 82.00 OK

Check Details

Version: 0.1.0
Check: LazyData
Result: NOTE
     'LazyData' is specified without a 'data' directory
Flavors: r-devel-linux-x86_64-debian-clang, r-devel-linux-x86_64-debian-gcc, r-devel-linux-x86_64-fedora-clang, r-devel-linux-x86_64-fedora-gcc, r-devel-windows-x86_64, r-devel-windows-x86_64-gcc10-UCRT, r-patched-linux-x86_64, r-patched-solaris-x86, r-release-linux-x86_64, r-release-macos-arm64, r-release-macos-x86_64, r-release-windows-ix86+x86_64