CRAN Package Check Results for Package longurl

Last updated on 2021-06-19 23:49:23 CEST.

Flavor Version Tinstall Tcheck Ttotal Status Flags
r-devel-linux-x86_64-debian-clang 0.3.3 1.94 22.04 23.98 NOTE
r-devel-linux-x86_64-debian-gcc 0.3.3 1.56 17.74 19.30 NOTE
r-devel-linux-x86_64-fedora-clang 0.3.3 38.21 NOTE
r-devel-linux-x86_64-fedora-gcc 0.3.3 27.53 NOTE
r-devel-windows-x86_64 0.3.3 3.00 48.00 51.00 NOTE
r-devel-windows-x86_64-gcc10-UCRT 0.3.3 NOTE
r-patched-linux-x86_64 0.3.3 1.87 21.65 23.52 NOTE
r-patched-solaris-x86 0.3.3 43.40 NOTE
r-release-linux-x86_64 0.3.3 1.79 21.61 23.40 NOTE
r-release-macos-arm64 0.3.3 NOTE
r-release-macos-x86_64 0.3.3 NOTE
r-release-windows-ix86+x86_64 0.3.3 4.00 48.00 52.00 NOTE
r-oldrel-macos-x86_64 0.3.3 OK
r-oldrel-windows-ix86+x86_64 0.3.3 3.00 49.00 52.00 OK

Check Details

Version: 0.3.3
Check: LazyData
Result: NOTE
     'LazyData' is specified without a 'data' directory
Flavors: r-devel-linux-x86_64-debian-clang, r-devel-linux-x86_64-debian-gcc, r-devel-linux-x86_64-fedora-clang, r-devel-linux-x86_64-fedora-gcc, r-devel-windows-x86_64, r-devel-windows-x86_64-gcc10-UCRT, r-patched-linux-x86_64, r-patched-solaris-x86, r-release-linux-x86_64, r-release-macos-arm64, r-release-macos-x86_64, r-release-windows-ix86+x86_64