CRAN Package Check Results for Package longsurr

Last updated on 2024-02-20 23:53:58 CET.

Flavor Version Tinstall Tcheck Ttotal Status Flags
r-devel-linux-x86_64-debian-clang 1.0 OK
r-devel-linux-x86_64-debian-gcc 1.0 12.92 108.20 121.12 OK
r-devel-linux-x86_64-fedora-clang 1.0 208.68 NOTE
r-devel-linux-x86_64-fedora-gcc 1.0 201.51 OK
r-devel-windows-x86_64 1.0 16.00 121.00 137.00 OK
r-patched-linux-x86_64 1.0 15.88 140.37 156.25 OK
r-release-linux-x86_64 1.0 14.31 139.37 153.68 OK
r-release-macos-arm64 1.0 61.00 OK
r-release-macos-x86_64 1.0 80.00 OK
r-release-windows-x86_64 1.0 20.00 149.00 169.00 OK
r-oldrel-macos-arm64 1.0 57.00 OK
r-oldrel-windows-x86_64 1.0 21.00 154.00 175.00 OK

Check Details

Version: 1.0
Check: package dependencies
Result: NOTE Imports includes 21 non-default packages. Importing from so many packages makes the package vulnerable to any of them becoming unavailable. Move as many as possible to Suggests and use conditionally. Flavor: r-devel-linux-x86_64-fedora-clang