Last updated on 2023-02-05 07:57:27 CET.
Flavor | Version | Tinstall | Tcheck | Ttotal | Status | Flags |
---|---|---|---|---|---|---|
r-devel-linux-x86_64-debian-clang | 1.0 | 17.63 | 154.55 | 172.18 | OK | |
r-devel-linux-x86_64-debian-gcc | 1.0 | 13.87 | 113.32 | 127.19 | OK | |
r-devel-linux-x86_64-fedora-clang | 1.0 | 218.52 | NOTE | |||
r-devel-linux-x86_64-fedora-gcc | 1.0 | 217.06 | OK | |||
r-devel-windows-x86_64 | 1.0 | 23.00 | 189.00 | 212.00 | OK | |
r-patched-linux-x86_64 | 1.0 | 19.85 | 149.07 | 168.92 | OK | |
r-release-linux-x86_64 | 1.0 | 16.37 | 153.16 | 169.53 | OK | |
r-release-macos-arm64 | 1.0 | 57.00 | OK | |||
r-release-macos-x86_64 | 1.0 | 81.00 | OK | |||
r-release-windows-x86_64 | 1.0 | 25.00 | 197.00 | 222.00 | OK | |
r-oldrel-macos-arm64 | 1.0 | 66.00 | OK | |||
r-oldrel-macos-x86_64 | 1.0 | 81.00 | OK | |||
r-oldrel-windows-ix86+x86_64 | 1.0 | 41.00 | 178.00 | 219.00 | OK |
Version: 1.0
Check: package dependencies
Result: NOTE
Imports includes 21 non-default packages.
Importing from so many packages makes the package vulnerable to any of
them becoming unavailable. Move as many as possible to Suggests and
use conditionally.
Flavor: r-devel-linux-x86_64-fedora-clang