CRAN Package Check Results for Package longit

Last updated on 2025-04-30 17:00:55 CEST.

Flavor Version Tinstall Tcheck Ttotal Status Flags
r-devel-linux-x86_64-debian-clang 0.1.0 10.36 91.09 101.45 OK
r-devel-linux-x86_64-debian-gcc 0.1.0 7.58 67.66 75.24 OK
r-devel-linux-x86_64-fedora-clang 0.1.0 160.42 NOTE
r-devel-linux-x86_64-fedora-gcc 0.1.0 152.50 NOTE
r-devel-windows-x86_64 0.1.0 12.00 105.00 117.00 OK
r-patched-linux-x86_64 0.1.0 10.83 88.01 98.84 OK
r-release-linux-x86_64 0.1.0 10.17 88.80 98.97 OK
r-release-macos-arm64 0.1.0 53.00 OK
r-release-macos-x86_64 0.1.0 117.00 OK
r-release-windows-x86_64 0.1.0 11.00 100.00 111.00 OK
r-oldrel-macos-arm64 0.1.0 41.00 OK
r-oldrel-macos-x86_64 0.1.0 65.00 OK
r-oldrel-windows-x86_64 0.1.0 14.00 120.00 134.00 OK

Check Details

Version: 0.1.0
Check: dependencies in R code
Result: NOTE Namespace in Imports field not imported from: ‘utils’ All declared Imports should be used. Flavors: r-devel-linux-x86_64-fedora-clang, r-devel-linux-x86_64-fedora-gcc