CRAN Package Check Results for Package longROC

Last updated on 2023-06-04 07:55:43 CEST.

Flavor Version Tinstall Tcheck Ttotal Status Flags
r-devel-linux-x86_64-debian-clang 1.0 9.61 102.56 112.17 NOTE
r-devel-linux-x86_64-debian-gcc 1.0 6.61 78.35 84.96 NOTE
r-devel-linux-x86_64-fedora-clang 1.0 136.42 NOTE
r-devel-linux-x86_64-fedora-gcc 1.0 134.02 NOTE
r-devel-windows-x86_64 1.0 8.00 91.00 99.00 NOTE
r-patched-linux-x86_64 1.0 8.75 99.94 108.69 NOTE
r-release-linux-x86_64 1.0 6.87 98.61 105.48 NOTE
r-release-macos-arm64 1.0 40.00 NOTE
r-release-macos-x86_64 1.0 70.00 NOTE
r-release-windows-x86_64 1.0 10.00 109.00 119.00 NOTE
r-oldrel-macos-arm64 1.0 43.00 NOTE
r-oldrel-macos-x86_64 1.0 54.00 NOTE
r-oldrel-windows-x86_64 1.0 10.00 110.00 120.00 NOTE

Check Details

Version: 1.0
Check: Rd files
Result: NOTE
    checkRd: (-1) butstrap.Rd:44: Escaped LaTeX specials: \&
    checkRd: (-1) butstrap.nri.Rd:42: Escaped LaTeX specials: \&
    checkRd: (-1) butstrap.s.Rd:44: Escaped LaTeX specials: \&
    checkRd: (-1) maxauc.Rd:39: Escaped LaTeX specials: \&
    checkRd: (-1) maxauc.s.Rd:39: Escaped LaTeX specials: \&
    checkRd: (-1) nri.Rd:33: Escaped LaTeX specials: \&
    checkRd: (-1) roc.Rd:47: Escaped LaTeX specials: \&
    checkRd: (-1) roc.s.Rd:47: Escaped LaTeX specials: \&
    checkRd: (-1) sensspec.Rd:47: Escaped LaTeX specials: \&
    checkRd: (-1) sensspec.s.Rd:47: Escaped LaTeX specials: \&
Flavors: r-devel-linux-x86_64-debian-clang, r-devel-linux-x86_64-debian-gcc, r-devel-linux-x86_64-fedora-clang, r-devel-linux-x86_64-fedora-gcc, r-devel-windows-x86_64, r-patched-linux-x86_64, r-release-linux-x86_64, r-release-macos-arm64, r-release-macos-x86_64, r-release-windows-x86_64

Version: 1.0
Check: LazyData
Result: NOTE
     'LazyData' is specified without a 'data' directory
Flavors: r-devel-linux-x86_64-debian-clang, r-devel-linux-x86_64-debian-gcc, r-devel-linux-x86_64-fedora-clang, r-devel-linux-x86_64-fedora-gcc, r-devel-windows-x86_64, r-patched-linux-x86_64, r-release-linux-x86_64, r-release-macos-arm64, r-release-macos-x86_64, r-release-windows-x86_64, r-oldrel-macos-arm64, r-oldrel-macos-x86_64, r-oldrel-windows-x86_64