CRAN Package Check Results for Package longROC

Last updated on 2022-05-28 23:55:08 CEST.

Flavor Version Tinstall Tcheck Ttotal Status Flags
r-devel-linux-x86_64-debian-clang 1.0 9.16 107.89 117.05 NOTE
r-devel-linux-x86_64-debian-gcc 1.0 6.79 80.67 87.46 NOTE
r-devel-linux-x86_64-fedora-clang 1.0 135.61 NOTE
r-devel-linux-x86_64-fedora-gcc 1.0 126.53 NOTE
r-devel-windows-x86_64 1.0 15.00 118.00 133.00 NOTE
r-patched-linux-x86_64 1.0 9.16 104.14 113.30 NOTE
r-release-linux-x86_64 1.0 7.04 104.57 111.61 NOTE
r-release-macos-arm64 1.0 36.00 NOTE
r-release-macos-x86_64 1.0 54.00 NOTE
r-release-windows-x86_64 1.0 18.00 122.00 140.00 NOTE
r-oldrel-macos-arm64 1.0 43.00 NOTE
r-oldrel-macos-x86_64 1.0 76.00 NOTE
r-oldrel-windows-ix86+x86_64 1.0 17.00 122.00 139.00 NOTE

Check Details

Version: 1.0
Check: LazyData
Result: NOTE
     'LazyData' is specified without a 'data' directory
Flavors: r-devel-linux-x86_64-debian-clang, r-devel-linux-x86_64-debian-gcc, r-devel-linux-x86_64-fedora-clang, r-devel-linux-x86_64-fedora-gcc, r-devel-windows-x86_64, r-patched-linux-x86_64, r-release-linux-x86_64, r-release-macos-arm64, r-release-macos-x86_64, r-release-windows-x86_64, r-oldrel-macos-arm64, r-oldrel-macos-x86_64, r-oldrel-windows-ix86+x86_64