CRAN Package Check Results for Package logr

Last updated on 2021-07-25 23:55:21 CEST.

Flavor Version Tinstall Tcheck Ttotal Status Flags
r-devel-linux-x86_64-debian-clang 1.2.4 2.28 30.92 33.20 OK
r-devel-linux-x86_64-debian-gcc 1.2.4 1.70 24.20 25.90 OK
r-devel-linux-x86_64-fedora-clang 1.2.4 50.29 OK
r-devel-linux-x86_64-fedora-gcc 1.2.4 4.02 ERROR
r-devel-windows-x86_64 1.2.4 4.00 49.00 53.00 OK
r-devel-windows-x86_64-gcc10-UCRT 1.2.4 OK
r-patched-linux-x86_64 1.2.4 2.26 30.05 32.31 OK
r-patched-solaris-x86 1.2.4 54.90 OK
r-release-linux-x86_64 1.2.4 1.73 30.00 31.73 OK
r-release-macos-arm64 1.2.4 OK
r-release-macos-x86_64 1.2.4 OK
r-release-windows-ix86+x86_64 1.2.4 5.00 36.00 41.00 OK
r-oldrel-macos-x86_64 1.2.4 OK
r-oldrel-windows-ix86+x86_64 1.2.4 4.00 48.00 52.00 OK

Check Details

Version: 1.2.4
Check: whether package can be installed
Result: ERROR
    Installation failed.
Flavor: r-devel-linux-x86_64-fedora-gcc