Last updated on 2021-04-14 23:47:16 CEST.
Flavor | Version | Tinstall | Tcheck | Ttotal | Status | Flags |
---|---|---|---|---|---|---|
r-devel-linux-x86_64-debian-clang | 0.8.38 | 1.99 | 29.22 | 31.21 | NOTE | |
r-devel-linux-x86_64-debian-gcc | 0.8.38 | 1.50 | 22.99 | 24.49 | NOTE | |
r-devel-linux-x86_64-fedora-clang | 0.8.38 | 47.77 | NOTE | |||
r-devel-linux-x86_64-fedora-gcc | 0.8.38 | 38.27 | NOTE | |||
r-devel-windows-ix86+x86_64 | 0.8.38 | 5.00 | 5.00 | 10.00 | ERROR | |
r-devel-windows-x86_64-gcc10-UCRT | 0.8.38 | NOTE | ||||
r-patched-linux-x86_64 | 0.8.38 | 2.12 | 28.26 | 30.38 | OK | |
r-patched-solaris-x86 | 0.8.38 | 56.30 | OK | |||
r-release-linux-x86_64 | 0.8.38 | 1.87 | 28.19 | 30.06 | OK | |
r-release-macos-x86_64 | 0.8.38 | OK | ||||
r-release-windows-ix86+x86_64 | 0.8.38 | 5.00 | 47.00 | 52.00 | OK | |
r-oldrel-macos-x86_64 | 0.8.38 | OK | ||||
r-oldrel-windows-ix86+x86_64 | 0.8.38 | 4.00 | 35.00 | 39.00 | OK |
Version: 0.8.38
Check: LazyData
Result: NOTE
'LazyData' is specified without a 'data' directory
Flavors: r-devel-linux-x86_64-debian-clang, r-devel-linux-x86_64-debian-gcc, r-devel-linux-x86_64-fedora-clang, r-devel-linux-x86_64-fedora-gcc, r-devel-windows-x86_64-gcc10-UCRT
Version: 0.8.38
Check: whether package can be installed
Result: ERROR
Installation failed.
Flavor: r-devel-windows-ix86+x86_64