CRAN Package Check Results for Package locStra

Last updated on 2021-06-17 15:49:11 CEST.

Flavor Version Tinstall Tcheck Ttotal Status Flags
r-devel-linux-x86_64-debian-clang 1.7 73.49 67.70 141.19 OK
r-devel-linux-x86_64-debian-gcc 1.7 54.60 53.42 108.02 OK
r-devel-linux-x86_64-fedora-clang 1.7 192.64 NOTE
r-devel-linux-x86_64-fedora-gcc 1.7 177.29 OK
r-devel-windows-x86_64 1.7 80.00 78.00 158.00 OK
r-devel-windows-x86_64-gcc10-UCRT 1.7 OK
r-patched-linux-x86_64 1.7 57.80 66.86 124.66 OK
r-patched-solaris-x86 1.7 197.10 OK
r-release-linux-x86_64 1.7 59.10 66.92 126.02 OK
r-release-macos-arm64 1.7 NOTE
r-release-macos-x86_64 1.7 NOTE
r-release-windows-ix86+x86_64 1.7 142.00 132.00 274.00 OK
r-oldrel-macos-x86_64 1.7 NOTE
r-oldrel-windows-ix86+x86_64 1.7 102.00 133.00 235.00 OK

Check Details

Version: 1.7
Check: installed package size
Result: NOTE
     installed size is 24.5Mb
     sub-directories of 1Mb or more:
     libs 24.3Mb
Flavors: r-devel-linux-x86_64-fedora-clang, r-release-macos-arm64, r-release-macos-x86_64, r-oldrel-macos-x86_64